08-19 09:14:19.438 D/        ( 1441): HostConnection::get() New Host Connection established 0xeac290c0, tid 2046
08-19 09:14:19.441 D/gralloc_ranchu( 1441): gralloc_unregister_buffer: exiting HostConnection (is buffer-handling thread)
08-19 09:14:19.442 D/        ( 1441): HostConnection::get() New Host Connection established 0xeac290c0, tid 2046
08-19 09:14:19.443 D/gralloc_ranchu( 1441): gralloc_unregister_buffer: exiting HostConnection (is buffer-handling thread)
08-19 09:14:19.443 D/        ( 1441): HostConnection::get() New Host Connection established 0xeac290c0, tid 2046
08-19 09:14:19.444 D/gralloc_ranchu( 1441): gralloc_unregister_buffer: exiting HostConnection (is buffer-handling thread)
08-19 09:14:19.444 D/        ( 1441): HostConnection::get() New Host Connection established 0xeac290c0, tid 2046
08-19 09:14:19.444 D/gralloc_ranchu( 1441): gralloc_unregister_buffer: exiting HostConnection (is buffer-handling thread)
08-19 09:14:19.446 D/gralloc_ranchu( 1431): gralloc_alloc: Creating ashmem region of size 8298496
08-19 09:14:19.455 W/StaticLayout( 1745): maxLineHeight should not be -1.  maxLines:1 lineCount:1
08-19 09:14:19.456 I/chatty  ( 1745): uid=10029(com.android.systemui) identical 1 line
08-19 09:14:19.456 W/StaticLayout( 1745): maxLineHeight should not be -1.  maxLines:1 lineCount:1
08-19 09:14:19.459 D/EGL_emulation( 2255): eglMakeCurrent: 0xd3ef2940: ver 3 0 (tinfo 0xd3efdb30)
08-19 09:14:19.472 D/EGL_emulation( 2309): eglMakeCurrent: 0xd033a2c0: ver 3 0 (tinfo 0xd0a482c0)
08-19 09:14:19.472 D/gralloc_ranchu( 1431): gralloc_alloc: Creating ashmem region of size 8298496
08-19 09:14:19.483 D/gralloc_ranchu( 1441): gralloc_unregister_buffer: exiting HostConnection (is buffer-handling thread)
08-19 09:14:19.484 D/gralloc_ranchu( 1431): gralloc_alloc: Creating ashmem region of size 8298496
08-19 09:14:19.484 D/        ( 1441): HostConnection::get() New Host Connection established 0xe52033c0, tid 1455
08-19 09:14:19.484 D/gralloc_ranchu( 1441): gralloc_unregister_buffer: exiting HostConnection (is buffer-handling thread)
08-19 09:14:19.485 D/        ( 1441): HostConnection::get() New Host Connection established 0xe52033c0, tid 1455
08-19 09:14:19.485 D/gralloc_ranchu( 1441): gralloc_unregister_buffer: exiting HostConnection (is buffer-handling thread)
08-19 09:14:19.486 D/        ( 1441): HostConnection::get() New Host Connection established 0xe52033c0, tid 1455
08-19 09:14:19.486 D/gralloc_ranchu( 1441): gralloc_unregister_buffer: exiting HostConnection (is buffer-handling thread)
08-19 09:14:19.487 D/gralloc_ranchu( 1431): gralloc_alloc: Creating ashmem region of size 274432
08-19 09:14:19.491 D/        ( 1441): HostConnection::get() New Host Connection established 0xe5203340, tid 2046
08-19 09:14:19.494 D/gralloc_ranchu( 1431): gralloc_alloc: Creating ashmem region of size 8298496
08-19 09:14:19.495 D/        ( 1441): HostConnection::get() New Host Connection established 0xe52033c0, tid 1455
08-19 09:14:19.501 D/StatusBar( 1745): disable<e i a s b h r c s q >
08-19 09:14:19.505 D/EGL_emulation( 1745): eglMakeCurrent: 0xd323d860: ver 3 0 (tinfo 0xd3c7f9d0)
08-19 09:14:19.511 W/SessionLifecycleManager( 2309): Handover failed. Creating new session controller.
08-19 09:14:19.515 I/OptInState( 2309): There is a new client and it does not support opt-in. Dropping request.
08-19 09:14:19.517 D/gralloc_ranchu( 1431): gralloc_alloc: Creating ashmem region of size 274432
08-19 09:14:19.523 I/WifiService( 1634): getConnectionInfo uid=10032
08-19 09:14:19.525 I/WifiService( 1634): getWifiEnabledState uid=10032
08-19 09:14:19.526 W/Settings( 2309): Setting mobile_data has moved from android.provider.Settings.Secure to android.provider.Settings.Global.
08-19 09:14:19.537 W/LocationOracle( 2309): No location history returned by ContextManager
08-19 09:14:19.539 I/WifiService( 1634): getConnectionInfo uid=10032
08-19 09:14:19.541 I/WifiService( 1634): getWifiEnabledState uid=10032
08-19 09:14:19.541 W/Settings( 2309): Setting mobile_data has moved from android.provider.Settings.Secure to android.provider.Settings.Global.
08-19 09:14:19.546 W/StatusBar/NavBarView( 1745): *** Invalid layout in navigation bar (sizeChanged this=1080x126 cur=1038x126)
08-19 09:14:19.582 W/ctxmgr  ( 2030): [AclManager] No 3 for (accnt=account#-517948760#, com.google.android.gms(10014):UserVelocityProducer, vrsn=202414022, 0, 3pPkg = null ,  3pMdlId = null ,  pid = 2030). Was: 3 for 1, account#-517948760# [CONTEXT service_id=47 ]
08-19 09:14:19.601 I/LogUtils( 2030): [Places]: ?: Couldn't find platform key file. [CONTEXT service_id=253 ]
08-19 09:14:19.604 I/GnssLocationProvider( 1634): WakeLock acquired by sendMessage(SET_REQUEST, 0, com.android.server.location.GnssLocationProvider$GpsRequest@63ccc4f)
08-19 09:14:19.605 I/GnssLocationProvider( 1634): WakeLock released by handleMessage(SET_REQUEST, 0, com.android.server.location.GnssLocationProvider$GpsRequest@63ccc4f)
08-19 09:14:19.634 D/EGL_emulation( 1745): eglCreateContext: 0xd27f9600: maj 3 min 0 rcv 3
08-19 09:14:19.642 D/EGL_emulation( 1745): eglMakeCurrent: 0xd27f9600: ver 3 0 (tinfo 0xd1c2b690)
08-19 09:14:19.646 I/GeofencerStateMachine( 2030): removeGeofences: removeRequest=RemoveGeofencingRequest[REMOVE_BY_PENDING_INTENT pendingIntent=PendingIntent[creatorPackage=com.google.android.gms], packageName=com.google.android.gms]
08-19 09:14:19.650 I/GeofencerStateMachine( 2030): removeGeofences: removeRequest=RemoveGeofencingRequest[REMOVE_BY_PENDING_INTENT pendingIntent=PendingIntent[creatorPackage=com.google.android.gms], packageName=com.google.android.gms]
08-19 09:14:19.655 I/LogUtils( 2030): [Places]: ?: Couldn't find platform key file. [CONTEXT service_id=253 ]
08-19 09:14:19.658 D/gralloc_ranchu( 1431): gralloc_alloc: Creating ashmem region of size 8298496
08-19 09:14:19.667 D/EGL_emulation( 1745): eglMakeCurrent: 0xd27f9600: ver 3 0 (tinfo 0xd1c2b690)
08-19 09:14:19.671 I/PlacesLogger( 2030): [PlaceInferenceEngine]: [anon] Changed inference mode: 0 [CONTEXT service_id=253 ]
08-19 09:14:19.674 I/LogUtils( 2030): [Places]: ?: Couldn't find platform key file. [CONTEXT service_id=253 ]
08-19 09:14:19.688 I/ctxmgr  ( 2030): [ProducerStatusImpl] updateStateForNewContextData: inactive, contextName=7 [CONTEXT service_id=47 ]
08-19 09:14:19.698 I/LogUtils( 2030): [Places]: ?: Couldn't find platform key file. [CONTEXT service_id=253 ]
08-19 09:14:19.698 I/LogUtils( 2030): [Places]: ?: Couldn't find platform key file. [CONTEXT service_id=253 ]
08-19 09:14:19.699 I/LogUtils( 2030): [Places]: ?: Couldn't find platform key file. [CONTEXT service_id=253 ]
08-19 09:14:19.706 E/cklt    ( 2030): *~*~*~ Channel {0} was not shutdown properly!!! ~*~*~*
08-19 09:14:19.706 E/cklt    ( 2030):     Make sure to call shutdown()/shutdownNow() and wait until awaitTermination() returns true.
08-19 09:14:19.706 E/cklt    ( 2030): java.lang.RuntimeException: ManagedChannel allocation site
08-19 09:14:19.706 E/cklt    ( 2030): 	at ckls.<init>(:com.google.android.gms@202414022@20.24.14 (040700-319035315):3)
08-19 09:14:19.706 E/cklt    ( 2030): 	at cklt.<init>(:com.google.android.gms@202414022@20.24.14 (040700-319035315):2)
08-19 09:14:19.706 E/cklt    ( 2030): 	at ckfk.b(:com.google.android.gms@202414022@20.24.14 (040700-319035315):21)
08-19 09:14:19.706 E/cklt    ( 2030): 	at sjo.a(:com.google.android.gms@202414022@20.24.14 (040700-319035315):29)
08-19 09:14:19.706 E/cklt    ( 2030): 	at sjo.a(:com.google.android.gms@202414022@20.24.14 (040700-319035315):52)
08-19 09:14:19.706 E/cklt    ( 2030): 	at bjxj.call(:com.google.android.gms@202414022@20.24.14 (040700-319035315):0)
08-19 09:14:19.706 E/cklt    ( 2030): 	at bjvu.run(:com.google.android.gms@202414022@20.24.14 (040700-319035315):1)
08-19 09:14:19.706 E/cklt    ( 2030): 	at soy.b(:com.google.android.gms@202414022@20.24.14 (040700-319035315):12)
08-19 09:14:19.706 E/cklt    ( 2030): 	at soy.run(:com.google.android.gms@202414022@20.24.14 (040700-319035315):7)
08-19 09:14:19.706 E/cklt    ( 2030): 	at java.util.concurrent.ThreadPoolExecutor.runWorker(ThreadPoolExecutor.java:1162)
08-19 09:14:19.706 E/cklt    ( 2030): 	at java.util.concurrent.ThreadPoolExecutor$Worker.run(ThreadPoolExecutor.java:636)
08-19 09:14:19.706 E/cklt    ( 2030): 	at sux.run(:com.google.android.gms@202414022@20.24.14 (040700-319035315):0)
08-19 09:14:19.706 E/cklt    ( 2030): 	at java.lang.Thread.run(Thread.java:764)
08-19 09:14:19.695 W/netd    ( 1518): type=1400 audit(0.0:1020): avc: denied { read } for name="hosts_new" dev="dm-0" ino=196614 scontext=u:r:netd:s0 tcontext=u:object_r:shell_data_file:s0 tclass=file permissive=0
08-19 09:14:19.695 W/netd    ( 1518): type=1400 audit(0.0:1021): avc: denied { read } for name="hosts_new" dev="dm-0" ino=196614 scontext=u:r:netd:s0 tcontext=u:object_r:shell_data_file:s0 tclass=file permissive=0
08-19 09:14:19.733 W/Conscrypt( 2030): Could not set socket write timeout: java.net.SocketException: Socket closed
08-19 09:14:19.733 W/Conscrypt( 2030): 	at com.google.android.gms.org.conscrypt.Platform.setSocketWriteTimeout(:com.google.android.gms@202414022@20.24.14 (040700-319035315):2)
08-19 09:14:19.733 W/Conscrypt( 2030): 	at com.google.android.gms.org.conscrypt.ConscryptFileDescriptorSocket.setSoWriteTimeout(:com.google.android.gms@202414022@20.24.14 (040700-319035315):0)
08-19 09:14:19.778 W/Conscrypt( 2030): Could not set socket write timeout: java.net.SocketException: Socket closed
08-19 09:14:19.778 W/Conscrypt( 2030): 	at com.google.android.gms.org.conscrypt.Platform.setSocketWriteTimeout(:com.google.android.gms@202414022@20.24.14 (040700-319035315):2)
08-19 09:14:19.778 W/Conscrypt( 2030): 	at com.google.android.gms.org.conscrypt.ConscryptFileDescriptorSocket.setSoWriteTimeout(:com.google.android.gms@202414022@20.24.14 (040700-319035315):0)
08-19 09:14:19.809 I/LogUtils( 2030): [Places]: ?: Couldn't find platform key file. [CONTEXT service_id=253 ]
08-19 09:14:19.811 I/zygote  ( 2030): Waiting for a blocking GC ProfileSaver
08-19 09:14:19.830 I/LogUtils( 2030): [Places]: ?: PlacesBleScanner start() with priority 2 [CONTEXT service_id=253 ]
08-19 09:14:19.844 I/PlacesLogger( 2030): [PlaceInferenceEngine]: [anon] Changed inference mode: 1 [CONTEXT service_id=253 ]
08-19 09:14:19.847 I/zygote  ( 2030): WaitForGcToComplete blocked ProfileSaver on HeapTrim for 35.361ms
08-19 09:14:19.859 E/BeaconBle( 2030): Missing BluetoothAdapter [CONTEXT service_id=111 ]
08-19 09:14:19.859 I/BeaconBle( 2030): BLE 'KK+' software access layer enabled [CONTEXT service_id=111 ]
08-19 09:14:19.873 I/BeaconBle( 2030): Client requested scan, settings=BleSettings [scanMode=ZERO_POWER, callbackType=ALL_MATCHES, reportDelayMillis=0, 1 filters, 0 clients, callingClientName=Places] [CONTEXT service_id=111 ]
08-19 09:14:19.873 I/BeaconBle( 2030): Scan : No clients left, canceling alarm. [CONTEXT service_id=111 ]
08-19 09:14:19.873 E/BeaconBle( 2030): Scan couldn't start for Places [CONTEXT service_id=111 ]
08-19 09:14:19.873 W/Places  ( 2030): BLE failure while scanning - code 5
08-19 09:14:19.884 W/LogUtils( 2030): [Places]: ?: Failed to download inference model weights SLS
08-19 09:14:19.884 W/LogUtils( 2030): ckdr: NOT_FOUND: Requested entity was not found.
08-19 09:14:19.884 W/LogUtils( 2030): 	at ckdq.c(:com.google.android.gms@202414022@20.24.14 (040700-319035315):3)
08-19 09:14:19.884 W/LogUtils( 2030): 	at sjo.a(:com.google.android.gms@202414022@20.24.14 (040700-319035315):57)
08-19 09:14:19.884 W/LogUtils( 2030): 	at bjxj.call(:com.google.android.gms@202414022@20.24.14 (040700-319035315):0)
08-19 09:14:19.884 W/LogUtils( 2030): 	at bjvu.run(:com.google.android.gms@202414022@20.24.14 (040700-319035315):1)
08-19 09:14:19.884 W/LogUtils( 2030): 	at soy.b(:com.google.android.gms@202414022@20.24.14 (040700-319035315):12)
08-19 09:14:19.884 W/LogUtils( 2030): 	at soy.run(:com.google.android.gms@202414022@20.24.14 (040700-319035315):7)
08-19 09:14:19.884 W/LogUtils( 2030): 	at java.util.concurrent.ThreadPoolExecutor.runWorker(ThreadPoolExecutor.java:1162)
08-19 09:14:19.884 W/LogUtils( 2030): 	at java.util.concurrent.ThreadPoolExecutor$Worker.run(ThreadPoolExecutor.java:636)
08-19 09:14:19.884 W/LogUtils( 2030): 	at sux.run(:com.google.android.gms@202414022@20.24.14 (040700-319035315):0)
08-19 09:14:19.884 W/LogUtils( 2030): 	at java.lang.Thread.run(Thread.java:764)
08-19 09:14:19.884 W/LogUtils( 2030): 
08-19 09:14:19.884 W/LogUtils( 2030): [CONTEXT service_id=253 ]
08-19 09:14:19.884 W/PlacesLogger( 2030): [PlaceInferenceEngine]: Failed to download model weights. Status code: 7 [CONTEXT service_id=253 ]
08-19 09:14:19.887 I/LogUtils( 2030): [Places]: ?: Couldn't find platform key file. [CONTEXT service_id=253 ]
08-19 09:14:19.888 I/LogUtils( 2030): [Places]: ?: Couldn't find platform key file. [CONTEXT service_id=253 ]
08-19 09:14:19.896 I/Places  ( 2030): Converted 0 out of 1 WiFi scans
08-19 09:14:19.897 I/WifiService( 1634): getConnectionInfo uid=10014
08-19 09:14:19.900 E/SurfaceFlinger( 1441): ro.sf.lcd_density must be defined as a build property
08-19 09:14:19.902 I/PlacesLogger( 2030): [PlaceInferenceEngine]: [anon] Changed inference mode: 1 [CONTEXT service_id=253 ]
08-19 09:14:19.906 I/zygote  ( 2030): Deoptimizing void ckgm.a(cjzq, ckcm) due to JIT inline cache
08-19 09:14:19.903 I/LogUtils( 2030): [Places]: ?: Couldn't find platform key file. [CONTEXT service_id=253 ]
08-19 09:14:19.913 I/LogUtils( 2030): [Places]: ?: Couldn't find platform key file. [CONTEXT service_id=253 ]
08-19 09:14:19.916 D/gralloc_ranchu( 1431): gralloc_alloc: Creating ashmem region of size 8298496
08-19 09:14:19.916 I/PlacesLogger( 2030): [PlaceInferenceEngine]: No beacon scan available - ignoring candidates. [CONTEXT service_id=253 ]
08-19 09:14:19.918 I/LogUtils( 2030): [Places]: ?: Couldn't find platform key file. [CONTEXT service_id=253 ]
08-19 09:14:19.919 I/LogUtils( 2030): [Places]: ?: Couldn't find platform key file. [CONTEXT service_id=253 ]
08-19 09:14:19.922 I/LogUtils( 2030): [Places]: ?: Couldn't find platform key file. [CONTEXT service_id=253 ]
08-19 09:14:19.957 D/        (26577): HostConnection::get() New Host Connection established 0xe5648240, tid 26577
08-19 09:14:19.958 W/Looper  ( 1634): Dispatch took 610ms on android.ui, h=Handler (android.view.Choreographer$FrameHandler) {5108bdd} cb=android.view.Choreographer$FrameDisplayEventReceiver@c971352 msg=0
08-19 09:14:19.964 I/Choreographer( 1634): Skipped 34 frames!  The application may be doing too much work on its main thread.
08-19 09:14:19.967 D/EGL_emulation( 1634): eglMakeCurrent: 0xe667d140: ver 3 0 (tinfo 0xd2996380)
08-19 09:14:19.970 D/gralloc_ranchu( 1441): gralloc_unregister_buffer: exiting HostConnection (is buffer-handling thread)
08-19 09:14:19.971 D/        ( 1441): HostConnection::get() New Host Connection established 0xe5203400, tid 1692
08-19 09:14:19.971 D/gralloc_ranchu( 1441): gralloc_unregister_buffer: exiting HostConnection (is buffer-handling thread)
08-19 09:14:19.972 D/        ( 1441): HostConnection::get() New Host Connection established 0xe5203400, tid 1692
08-19 09:14:19.972 D/gralloc_ranchu( 1441): gralloc_unregister_buffer: exiting HostConnection (is buffer-handling thread)
08-19 09:14:19.973 D/        ( 1441): HostConnection::get() New Host Connection established 0xe5203400, tid 1692
08-19 09:14:19.973 D/gralloc_ranchu( 1441): gralloc_unregister_buffer: exiting HostConnection (is buffer-handling thread)
08-19 09:14:19.975 D/gralloc_ranchu( 1431): gralloc_alloc: Creating ashmem region of size 2777088
08-19 09:14:19.981 D/gralloc_ranchu( 1441): gralloc_unregister_buffer: exiting HostConnection (is buffer-handling thread)
08-19 09:14:19.982 D/        ( 1441): HostConnection::get() New Host Connection established 0xe52033c0, tid 1455
08-19 09:14:19.982 D/gralloc_ranchu( 1441): gralloc_unregister_buffer: exiting HostConnection (is buffer-handling thread)
08-19 09:14:19.982 D/EGL_emulation( 1634): eglMakeCurrent: 0xe667d140: ver 3 0 (tinfo 0xd2996380)
08-19 09:14:19.985 W/LogUtils( 2030): [Places]: ?: Failed to download inference model weights SLS
08-19 09:14:19.985 W/LogUtils( 2030): ckdr: NOT_FOUND: Requested entity was not found.
08-19 09:14:19.985 W/LogUtils( 2030): 	at ckdq.c(:com.google.android.gms@202414022@20.24.14 (040700-319035315):3)
08-19 09:14:19.985 W/LogUtils( 2030): 	at sjo.a(:com.google.android.gms@202414022@20.24.14 (040700-319035315):57)
08-19 09:14:19.985 W/LogUtils( 2030): 	at bjxj.call(:com.google.android.gms@202414022@20.24.14 (040700-319035315):0)
08-19 09:14:19.985 W/LogUtils( 2030): 	at bjvu.run(:com.google.android.gms@202414022@20.24.14 (040700-319035315):1)
08-19 09:14:19.985 W/LogUtils( 2030): 	at soy.b(:com.google.android.gms@202414022@20.24.14 (040700-319035315):12)
08-19 09:14:19.985 W/LogUtils( 2030): 	at soy.run(:com.google.android.gms@202414022@20.24.14 (040700-319035315):7)
08-19 09:14:19.985 W/LogUtils( 2030): 	at java.util.concurrent.ThreadPoolExecutor.runWorker(ThreadPoolExecutor.java:1162)
08-19 09:14:19.985 W/LogUtils( 2030): 	at java.util.concurrent.ThreadPoolExecutor$Worker.run(ThreadPoolExecutor.java:636)
08-19 09:14:19.985 W/LogUtils( 2030): 	at sux.run(:com.google.android.gms@202414022@20.24.14 (040700-319035315):0)
08-19 09:14:19.985 W/LogUtils( 2030): 	at java.lang.Thread.run(Thread.java:764)
08-19 09:14:19.985 W/LogUtils( 2030): 
08-19 09:14:19.985 W/LogUtils( 2030): [CONTEXT service_id=253 ]
08-19 09:14:19.986 W/PlacesLogger( 2030): [PlaceInferenceEngine]: Failed to download model weights. Status code: 7 [CONTEXT service_id=253 ]
08-19 09:14:19.986 I/LogUtils( 2030): [Places]: ?: Couldn't find platform key file. [CONTEXT service_id=253 ]
08-19 09:14:19.988 I/LogUtils( 2030): [Places]: ?: Couldn't find platform key file. [CONTEXT service_id=253 ]
08-19 09:14:19.996 D/gralloc_ranchu( 1431): gralloc_alloc: Creating ashmem region of size 2777088
08-19 09:14:20.002 D/        ( 1441): HostConnection::get() New Host Connection established 0xeac29140, tid 1455
08-19 09:14:20.025 W/OpenGLRenderer( 2255): Incorrectly called buildLayer on View: ShortcutAndWidgetContainer, destroying layer...
08-19 09:14:20.118 D/gralloc_ranchu( 1431): gralloc_alloc: Creating ashmem region of size 8298496
08-19 09:14:20.121 D/gralloc_ranchu( 1441): gralloc_unregister_buffer: exiting HostConnection (is buffer-handling thread)
08-19 09:14:20.123 D/        ( 1441): HostConnection::get() New Host Connection established 0xeac29140, tid 1455
08-19 09:14:20.129 D/gralloc_ranchu( 1441): gralloc_unregister_buffer: exiting HostConnection (is buffer-handling thread)
08-19 09:14:20.183 D/EGL_emulation( 1745): eglCreateContext: 0xd27f9600: maj 3 min 0 rcv 3
08-19 09:14:20.184 D/EGL_emulation( 1745): eglMakeCurrent: 0xd27f9600: ver 3 0 (tinfo 0xd1c2b690)
08-19 09:14:20.194 D/gralloc_ranchu( 1431): gralloc_alloc: Creating ashmem region of size 9547776
08-19 09:14:20.205 D/        ( 1441): HostConnection::get() New Host Connection established 0xe5203400, tid 1692
08-19 09:14:20.207 D/EGL_emulation( 1745): eglMakeCurrent: 0xd27f9600: ver 3 0 (tinfo 0xd1c2b690)
08-19 09:14:20.435 D/gralloc_ranchu( 1431): gralloc_alloc: Creating ashmem region of size 9547776
08-19 09:14:20.438 D/gralloc_ranchu( 1441): gralloc_unregister_buffer: exiting HostConnection (is buffer-handling thread)
08-19 09:14:20.438 D/        ( 1441): HostConnection::get() New Host Connection established 0xe5203400, tid 1692
08-19 09:14:20.439 D/gralloc_ranchu( 1441): gralloc_unregister_buffer: exiting HostConnection (is buffer-handling thread)
08-19 09:14:20.491 I/WindowManager( 1634): Screen frozen for +1s304ms due to Window{b3796 u0 com.android.systemui.ImageWallpaper}
08-19 09:14:20.535 D/SurfaceFlinger( 1441): duplicate layer name: changing BlackSurface to BlackSurface#1
08-19 09:14:20.554 D/SurfaceFlinger( 1441): duplicate layer name: changing BlackSurface to BlackSurface#2
08-19 09:14:20.571 D/SurfaceFlinger( 1441): duplicate layer name: changing BlackSurface to BlackSurface#3
08-19 09:14:20.574 I/Choreographer( 1745): Skipped 63 frames!  The application may be doing too much work on its main thread.
08-19 09:14:20.590 D/gralloc_ranchu( 1431): gralloc_alloc: Creating ashmem region of size 274432
08-19 09:14:20.591 D/gralloc_ranchu( 1432): gralloc_unregister_buffer: exiting HostConnection (is buffer-handling thread)
08-19 09:14:20.591 D/        ( 1441): HostConnection::get() New Host Connection established 0xe52034c0, tid 2349
08-19 09:14:20.592 D/        ( 1432): HostConnection::get() New Host Connection established 0xe7e21000, tid 1472
08-19 09:14:20.592 D/gralloc_ranchu( 1432): gralloc_unregister_buffer: exiting HostConnection (is buffer-handling thread)
08-19 09:14:20.593 D/        ( 1432): HostConnection::get() New Host Connection established 0xe7e21000, tid 1472
08-19 09:14:20.594 D/gralloc_ranchu( 1432): gralloc_unregister_buffer: exiting HostConnection (is buffer-handling thread)
08-19 09:14:20.594 D/        ( 1432): HostConnection::get() New Host Connection established 0xe7e21000, tid 1472
08-19 09:14:20.595 D/gralloc_ranchu( 1432): gralloc_unregister_buffer: exiting HostConnection (is buffer-handling thread)
08-19 09:14:20.595 D/        ( 1432): HostConnection::get() New Host Connection established 0xe7e21000, tid 1472
08-19 09:14:20.595 D/gralloc_ranchu( 1432): gralloc_unregister_buffer: exiting HostConnection (is buffer-handling thread)
08-19 09:14:20.596 D/        ( 1432): HostConnection::get() New Host Connection established 0xe7e21000, tid 1472
08-19 09:14:20.596 D/gralloc_ranchu( 1432): gralloc_unregister_buffer: exiting HostConnection (is buffer-handling thread)
08-19 09:14:20.623 D/        ( 1432): HostConnection::get() New Host Connection established 0xe7e21000, tid 1472
08-19 09:14:20.627 D/EGL_emulation( 1745): eglMakeCurrent: 0xd323d860: ver 3 0 (tinfo 0xd3c7f9d0)
08-19 09:14:20.705 D/EGL_emulation( 1745): eglMakeCurrent: 0xd323d860: ver 3 0 (tinfo 0xd3c7f9d0)
08-19 09:14:21.022 D/gralloc_ranchu( 1432): gralloc_unregister_buffer: exiting HostConnection (is buffer-handling thread)
08-19 09:14:21.023 D/        ( 1432): HostConnection::get() New Host Connection established 0xe7e21000, tid 1472
08-19 09:14:21.023 D/gralloc_ranchu( 1432): gralloc_unregister_buffer: exiting HostConnection (is buffer-handling thread)
08-19 09:14:21.042 D/        ( 1432): HostConnection::get() New Host Connection established 0xe7e21000, tid 1472
08-19 09:14:22.271 W/audio_hw_generic( 1423): Not supplying enough data to HAL, expected position 2348943339 , only wrote 2347530480
08-19 09:14:22.377 E/TaskPersister( 1634): File error accessing recents directory (directory doesn't exist?).
08-19 09:14:22.644 I/zygote  ( 1634): Explicit concurrent copying GC freed 8838(691KB) AllocSpace objects, 3(124KB) LOS objects, 36% free, 10MB/16MB, paused 931us total 69.729ms
08-19 09:14:24.313 E/SurfaceFlinger( 1441): ro.sf.lcd_density must be defined as a build property
08-19 09:14:24.331 D/gralloc_ranchu( 1431): gralloc_alloc: Creating ashmem region of size 8298496
08-19 09:14:24.333 D/        (26585): HostConnection::get() New Host Connection established 0xe74c8240, tid 26585
08-19 09:14:24.338 D/        ( 1441): HostConnection::get() New Host Connection established 0xe52033c0, tid 1455
08-19 09:14:24.362 D/gralloc_ranchu( 1441): gralloc_unregister_buffer: exiting HostConnection (is buffer-handling thread)
08-19 09:14:24.363 D/        ( 1441): HostConnection::get() New Host Connection established 0xe52033c0, tid 1455
08-19 09:14:24.364 D/gralloc_ranchu( 1441): gralloc_unregister_buffer: exiting HostConnection (is buffer-handling thread)
08-19 09:14:28.909 E/SurfaceFlinger( 1441): ro.sf.lcd_density must be defined as a build property
08-19 09:14:28.920 D/gralloc_ranchu( 1431): gralloc_alloc: Creating ashmem region of size 8298496
08-19 09:14:28.923 D/        (26590): HostConnection::get() New Host Connection established 0xe9ec8240, tid 26590
08-19 09:14:28.928 D/        ( 1441): HostConnection::get() New Host Connection established 0xeaf46c00, tid 1692
08-19 09:14:28.943 D/gralloc_ranchu( 1441): gralloc_unregister_buffer: exiting HostConnection (is buffer-handling thread)
08-19 09:14:28.944 D/        ( 1441): HostConnection::get() New Host Connection established 0xeaf46c00, tid 1692
08-19 09:14:28.945 D/gralloc_ranchu( 1441): gralloc_unregister_buffer: exiting HostConnection (is buffer-handling thread)
08-19 09:14:29.858 E/memtrack( 1634): Couldn't load memtrack module
08-19 09:14:29.858 W/android.os.Debug( 1634): failed to get memory consumption info: -1
08-19 09:14:31.666 I/boot-pipe( 1439): done populating /dev/random
08-19 09:14:33.482 E/SurfaceFlinger( 1441): ro.sf.lcd_density must be defined as a build property
08-19 09:14:33.493 D/gralloc_ranchu( 1431): gralloc_alloc: Creating ashmem region of size 8298496
08-19 09:14:33.496 D/        (26595): HostConnection::get() New Host Connection established 0xec748240, tid 26595
08-19 09:14:33.500 D/        ( 1441): HostConnection::get() New Host Connection established 0xeac29080, tid 1455
08-19 09:14:33.508 D/gralloc_ranchu( 1441): gralloc_unregister_buffer: exiting HostConnection (is buffer-handling thread)
08-19 09:14:33.509 D/        ( 1441): HostConnection::get() New Host Connection established 0xeac29080, tid 1455
08-19 09:14:33.509 D/gralloc_ranchu( 1441): gralloc_unregister_buffer: exiting HostConnection (is buffer-handling thread)
08-19 09:14:33.697 D/hwcomposer( 1432): hw_composer sent 24 syncs in 93s
08-19 09:14:37.977 E/SurfaceFlinger( 1441): ro.sf.lcd_density must be defined as a build property
08-19 09:14:37.989 D/gralloc_ranchu( 1431): gralloc_alloc: Creating ashmem region of size 8298496
08-19 09:14:37.992 D/        (26601): HostConnection::get() New Host Connection established 0xe9248240, tid 26601
08-19 09:14:37.996 D/        ( 1441): HostConnection::get() New Host Connection established 0xeac29080, tid 1455
08-19 09:14:38.001 D/gralloc_ranchu( 1441): gralloc_unregister_buffer: exiting HostConnection (is buffer-handling thread)
08-19 09:14:38.002 D/        ( 1441): HostConnection::get() New Host Connection established 0xeac29080, tid 1455
08-19 09:14:38.002 D/gralloc_ranchu( 1441): gralloc_unregister_buffer: exiting HostConnection (is buffer-handling thread)
08-19 09:14:40.855 E/memtrack( 1634): Couldn't load memtrack module
08-19 09:14:40.855 W/android.os.Debug( 1634): failed to get memory consumption info: -1
08-19 09:14:42.521 E/SurfaceFlinger( 1441): ro.sf.lcd_density must be defined as a build property
08-19 09:14:42.530 D/gralloc_ranchu( 1431): gralloc_alloc: Creating ashmem region of size 8298496
08-19 09:14:42.533 D/        (26606): HostConnection::get() New Host Connection established 0xefcc8240, tid 26606
08-19 09:14:42.542 D/gralloc_ranchu( 1441): gralloc_unregister_buffer: exiting HostConnection (is buffer-handling thread)
08-19 09:14:42.543 D/        ( 1441): HostConnection::get() New Host Connection established 0xe5203780, tid 1454
08-19 09:14:42.543 D/gralloc_ranchu( 1441): gralloc_unregister_buffer: exiting HostConnection (is buffer-handling thread)
08-19 09:14:47.032 E/SurfaceFlinger( 1441): ro.sf.lcd_density must be defined as a build property
08-19 09:14:47.039 D/gralloc_ranchu( 1431): gralloc_alloc: Creating ashmem region of size 8298496
08-19 09:14:47.042 D/        (26611): HostConnection::get() New Host Connection established 0xf2948240, tid 26611
08-19 09:14:47.045 D/        ( 1441): HostConnection::get() New Host Connection established 0xeaf46c00, tid 1692
08-19 09:14:47.052 D/gralloc_ranchu( 1441): gralloc_unregister_buffer: exiting HostConnection (is buffer-handling thread)
08-19 09:14:47.053 D/        ( 1441): HostConnection::get() New Host Connection established 0xeaf46c00, tid 1692
08-19 09:14:47.053 D/gralloc_ranchu( 1441): gralloc_unregister_buffer: exiting HostConnection (is buffer-handling thread)
08-19 09:14:49.568 W/GmsLocationProvider( 2309): Error removing location updates: 16
08-19 09:14:49.581 I/GnssLocationProvider( 1634): WakeLock acquired by sendMessage(SET_REQUEST, 0, com.android.server.location.GnssLocationProvider$GpsRequest@c0e607d)
08-19 09:14:49.582 I/GnssLocationProvider( 1634): WakeLock released by handleMessage(SET_REQUEST, 0, com.android.server.location.GnssLocationProvider$GpsRequest@c0e607d)
08-19 09:14:49.598 E/memtrack( 1634): Couldn't load memtrack module
08-19 09:14:49.598 W/android.os.Debug( 1634): failed to get memory consumption info: -1
08-19 09:14:51.587 E/SurfaceFlinger( 1441): ro.sf.lcd_density must be defined as a build property
08-19 09:14:51.601 D/gralloc_ranchu( 1431): gralloc_alloc: Creating ashmem region of size 8298496
08-19 09:14:51.604 D/        (26617): HostConnection::get() New Host Connection established 0xee948240, tid 26617
08-19 09:14:51.608 D/        ( 1441): HostConnection::get() New Host Connection established 0xeaf46c00, tid 1692
08-19 09:14:51.615 D/gralloc_ranchu( 1441): gralloc_unregister_buffer: exiting HostConnection (is buffer-handling thread)
08-19 09:14:51.616 D/        ( 1441): HostConnection::get() New Host Connection established 0xeaf46c00, tid 1692
08-19 09:14:51.617 D/gralloc_ranchu( 1441): gralloc_unregister_buffer: exiting HostConnection (is buffer-handling thread)
08-19 09:14:52.135 D/WificondControl( 1634): Scan result ready event
08-19 09:14:56.161 E/SurfaceFlinger( 1441): ro.sf.lcd_density must be defined as a build property
08-19 09:14:56.175 D/gralloc_ranchu( 1431): gralloc_alloc: Creating ashmem region of size 8298496
08-19 09:14:56.178 D/        (26622): HostConnection::get() New Host Connection established 0xe97c8240, tid 26622
08-19 09:14:56.182 D/        ( 1441): HostConnection::get() New Host Connection established 0xeaf46c00, tid 1692
08-19 09:14:56.188 D/gralloc_ranchu( 1441): gralloc_unregister_buffer: exiting HostConnection (is buffer-handling thread)
08-19 09:14:56.189 D/        ( 1441): HostConnection::get() New Host Connection established 0xeaf46c00, tid 1692
08-19 09:14:56.189 D/gralloc_ranchu( 1441): gralloc_unregister_buffer: exiting HostConnection (is buffer-handling thread)
08-19 09:14:57.855 E/memtrack( 1634): Couldn't load memtrack module
08-19 09:14:57.855 W/android.os.Debug( 1634): failed to get memory consumption info: -1
08-19 09:15:00.711 E/SurfaceFlinger( 1441): ro.sf.lcd_density must be defined as a build property
08-19 09:15:00.723 D/gralloc_ranchu( 1431): gralloc_alloc: Creating ashmem region of size 8298496
08-19 09:15:00.731 D/        (26627): HostConnection::get() New Host Connection established 0xe50c8240, tid 26627
08-19 09:15:00.734 D/        ( 1441): HostConnection::get() New Host Connection established 0xeaf46c00, tid 1692
08-19 09:15:00.740 D/gralloc_ranchu( 1441): gralloc_unregister_buffer: exiting HostConnection (is buffer-handling thread)
08-19 09:15:00.741 D/        ( 1441): HostConnection::get() New Host Connection established 0xeaf46c00, tid 1692
08-19 09:15:00.741 D/gralloc_ranchu( 1441): gralloc_unregister_buffer: exiting HostConnection (is buffer-handling thread)
08-19 09:15:05.223 E/SurfaceFlinger( 1441): ro.sf.lcd_density must be defined as a build property
08-19 09:15:05.231 D/gralloc_ranchu( 1431): gralloc_alloc: Creating ashmem region of size 8298496
08-19 09:15:05.233 D/        (26632): HostConnection::get() New Host Connection established 0xe96c8240, tid 26632
08-19 09:15:05.237 D/        ( 1441): HostConnection::get() New Host Connection established 0xe5203780, tid 1454
08-19 09:15:05.243 D/gralloc_ranchu( 1441): gralloc_unregister_buffer: exiting HostConnection (is buffer-handling thread)
08-19 09:15:05.244 D/        ( 1441): HostConnection::get() New Host Connection established 0xe5203780, tid 1454
08-19 09:15:05.244 D/gralloc_ranchu( 1441): gralloc_unregister_buffer: exiting HostConnection (is buffer-handling thread)
08-19 09:15:09.725 E/SurfaceFlinger( 1441): ro.sf.lcd_density must be defined as a build property
08-19 09:15:09.736 D/gralloc_ranchu( 1431): gralloc_alloc: Creating ashmem region of size 8298496
08-19 09:15:09.739 D/        (26637): HostConnection::get() New Host Connection established 0xe96c8240, tid 26637
08-19 09:15:09.743 D/        ( 1441): HostConnection::get() New Host Connection established 0xe5203780, tid 1454
08-19 09:15:09.749 D/gralloc_ranchu( 1441): gralloc_unregister_buffer: exiting HostConnection (is buffer-handling thread)
08-19 09:15:09.750 D/        ( 1441): HostConnection::get() New Host Connection established 0xe5203780, tid 1454
08-19 09:15:09.750 D/gralloc_ranchu( 1441): gralloc_unregister_buffer: exiting HostConnection (is buffer-handling thread)
08-19 09:15:14.270 E/SurfaceFlinger( 1441): ro.sf.lcd_density must be defined as a build property
08-19 09:15:14.284 D/gralloc_ranchu( 1431): gralloc_alloc: Creating ashmem region of size 8298496
08-19 09:15:14.287 D/        (26642): HostConnection::get() New Host Connection established 0xed3c8240, tid 26642
08-19 09:15:14.291 D/        ( 1441): HostConnection::get() New Host Connection established 0xe5203780, tid 1454
08-19 09:15:14.297 D/gralloc_ranchu( 1441): gralloc_unregister_buffer: exiting HostConnection (is buffer-handling thread)
08-19 09:15:14.298 D/        ( 1441): HostConnection::get() New Host Connection established 0xe5203780, tid 1454
08-19 09:15:14.298 D/gralloc_ranchu( 1441): gralloc_unregister_buffer: exiting HostConnection (is buffer-handling thread)
08-19 09:15:18.821 E/SurfaceFlinger( 1441): ro.sf.lcd_density must be defined as a build property
08-19 09:15:18.830 D/gralloc_ranchu( 1431): gralloc_alloc: Creating ashmem region of size 8298496
08-19 09:15:18.832 D/        (26647): HostConnection::get() New Host Connection established 0xedd48240, tid 26647
08-19 09:15:18.835 D/        ( 1441): HostConnection::get() New Host Connection established 0xe5203780, tid 1454
08-19 09:15:18.841 D/gralloc_ranchu( 1441): gralloc_unregister_buffer: exiting HostConnection (is buffer-handling thread)
08-19 09:15:18.842 D/        ( 1441): HostConnection::get() New Host Connection established 0xe5203780, tid 1454
08-19 09:15:18.842 D/gralloc_ranchu( 1441): gralloc_unregister_buffer: exiting HostConnection (is buffer-handling thread)
08-19 09:15:23.348 E/SurfaceFlinger( 1441): ro.sf.lcd_density must be defined as a build property
08-19 09:15:23.363 D/gralloc_ranchu( 1431): gralloc_alloc: Creating ashmem region of size 8298496
08-19 09:15:23.366 D/        (26652): HostConnection::get() New Host Connection established 0xeddc8240, tid 26652
08-19 09:15:23.368 D/        ( 1441): HostConnection::get() New Host Connection established 0xeaf46c00, tid 1692
08-19 09:15:23.372 D/gralloc_ranchu( 1441): gralloc_unregister_buffer: exiting HostConnection (is buffer-handling thread)
08-19 09:15:23.372 D/        ( 1441): HostConnection::get() New Host Connection established 0xeaf46c00, tid 1692
08-19 09:15:23.373 D/gralloc_ranchu( 1441): gralloc_unregister_buffer: exiting HostConnection (is buffer-handling thread)
08-19 09:15:27.939 E/SurfaceFlinger( 1441): ro.sf.lcd_density must be defined as a build property
08-19 09:15:27.951 D/gralloc_ranchu( 1431): gralloc_alloc: Creating ashmem region of size 8298496
08-19 09:15:27.953 D/        (26657): HostConnection::get() New Host Connection established 0xf11c8240, tid 26657
08-19 09:15:27.956 D/        ( 1441): HostConnection::get() New Host Connection established 0xeaf46c00, tid 1692
08-19 09:15:27.962 D/gralloc_ranchu( 1441): gralloc_unregister_buffer: exiting HostConnection (is buffer-handling thread)
08-19 09:15:27.963 D/        ( 1441): HostConnection::get() New Host Connection established 0xeaf46c00, tid 1692
08-19 09:15:27.963 D/gralloc_ranchu( 1441): gralloc_unregister_buffer: exiting HostConnection (is buffer-handling thread)
08-19 09:15:31.666 I/boot-pipe( 1439): done populating /dev/random
08-19 09:15:32.474 E/SurfaceFlinger( 1441): ro.sf.lcd_density must be defined as a build property
08-19 09:15:32.487 D/gralloc_ranchu( 1431): gralloc_alloc: Creating ashmem region of size 8298496
08-19 09:15:32.490 D/        (26662): HostConnection::get() New Host Connection established 0xe9948240, tid 26662
08-19 09:15:32.493 D/        ( 1441): HostConnection::get() New Host Connection established 0xe5203780, tid 1454
08-19 09:15:32.500 D/gralloc_ranchu( 1441): gralloc_unregister_buffer: exiting HostConnection (is buffer-handling thread)
08-19 09:15:32.500 D/        ( 1441): HostConnection::get() New Host Connection established 0xe5203780, tid 1454
08-19 09:15:32.501 D/gralloc_ranchu( 1441): gralloc_unregister_buffer: exiting HostConnection (is buffer-handling thread)
08-19 09:15:37.008 E/SurfaceFlinger( 1441): ro.sf.lcd_density must be defined as a build property
08-19 09:15:37.020 D/gralloc_ranchu( 1431): gralloc_alloc: Creating ashmem region of size 8298496
08-19 09:15:37.023 D/        (26667): HostConnection::get() New Host Connection established 0xe7648240, tid 26667
08-19 09:15:37.027 D/        ( 1441): HostConnection::get() New Host Connection established 0xe5203780, tid 1454
08-19 09:15:37.032 D/gralloc_ranchu( 1441): gralloc_unregister_buffer: exiting HostConnection (is buffer-handling thread)
08-19 09:15:37.033 D/        ( 1441): HostConnection::get() New Host Connection established 0xe5203780, tid 1454
08-19 09:15:37.033 D/gralloc_ranchu( 1441): gralloc_unregister_buffer: exiting HostConnection (is buffer-handling thread)
08-19 09:15:41.539 E/SurfaceFlinger( 1441): ro.sf.lcd_density must be defined as a build property
08-19 09:15:41.553 D/gralloc_ranchu( 1431): gralloc_alloc: Creating ashmem region of size 8298496
08-19 09:15:41.556 D/        (26672): HostConnection::get() New Host Connection established 0xf0c48240, tid 26672
08-19 09:15:41.560 D/        ( 1441): HostConnection::get() New Host Connection established 0xe5203780, tid 1454
08-19 09:15:41.566 D/gralloc_ranchu( 1441): gralloc_unregister_buffer: exiting HostConnection (is buffer-handling thread)
08-19 09:15:41.567 D/        ( 1441): HostConnection::get() New Host Connection established 0xe5203780, tid 1454
08-19 09:15:41.567 D/gralloc_ranchu( 1441): gralloc_unregister_buffer: exiting HostConnection (is buffer-handling thread)
08-19 09:15:46.109 E/SurfaceFlinger( 1441): ro.sf.lcd_density must be defined as a build property
08-19 09:15:46.122 D/gralloc_ranchu( 1431): gralloc_alloc: Creating ashmem region of size 8298496
08-19 09:15:46.125 D/        (26677): HostConnection::get() New Host Connection established 0xee0c8240, tid 26677
08-19 09:15:46.129 D/        ( 1441): HostConnection::get() New Host Connection established 0xe5203780, tid 1454
08-19 09:15:46.136 D/gralloc_ranchu( 1441): gralloc_unregister_buffer: exiting HostConnection (is buffer-handling thread)
08-19 09:15:46.137 D/        ( 1441): HostConnection::get() New Host Connection established 0xe5203780, tid 1454
08-19 09:15:46.137 D/gralloc_ranchu( 1441): gralloc_unregister_buffer: exiting HostConnection (is buffer-handling thread)
08-19 09:15:50.626 E/SurfaceFlinger( 1441): ro.sf.lcd_density must be defined as a build property
08-19 09:15:50.640 D/gralloc_ranchu( 1431): gralloc_alloc: Creating ashmem region of size 8298496
08-19 09:15:50.643 D/        (26682): HostConnection::get() New Host Connection established 0xf3748240, tid 26682
08-19 09:15:50.646 D/        ( 1441): HostConnection::get() New Host Connection established 0xe5203780, tid 1454
08-19 09:15:50.653 D/gralloc_ranchu( 1441): gralloc_unregister_buffer: exiting HostConnection (is buffer-handling thread)
08-19 09:15:50.654 D/        ( 1441): HostConnection::get() New Host Connection established 0xe5203780, tid 1454
08-19 09:15:50.655 D/gralloc_ranchu( 1441): gralloc_unregister_buffer: exiting HostConnection (is buffer-handling thread)
08-19 09:15:55.146 E/SurfaceFlinger( 1441): ro.sf.lcd_density must be defined as a build property
08-19 09:15:55.161 D/gralloc_ranchu( 1431): gralloc_alloc: Creating ashmem region of size 8298496
08-19 09:15:55.163 D/        (26687): HostConnection::get() New Host Connection established 0xf0648240, tid 26687
08-19 09:15:55.167 D/        ( 1441): HostConnection::get() New Host Connection established 0xe5203780, tid 1454
08-19 09:15:55.174 D/gralloc_ranchu( 1441): gralloc_unregister_buffer: exiting HostConnection (is buffer-handling thread)
08-19 09:15:55.175 D/        ( 1441): HostConnection::get() New Host Connection established 0xe5203780, tid 1454
08-19 09:15:55.175 D/gralloc_ranchu( 1441): gralloc_unregister_buffer: exiting HostConnection (is buffer-handling thread)
08-19 09:15:59.676 E/SurfaceFlinger( 1441): ro.sf.lcd_density must be defined as a build property
08-19 09:15:59.691 D/gralloc_ranchu( 1431): gralloc_alloc: Creating ashmem region of size 8298496
08-19 09:15:59.694 D/        (26692): HostConnection::get() New Host Connection established 0xeb948240, tid 26692
08-19 09:15:59.698 D/        ( 1441): HostConnection::get() New Host Connection established 0xe5203780, tid 1454
08-19 09:15:59.706 D/gralloc_ranchu( 1441): gralloc_unregister_buffer: exiting HostConnection (is buffer-handling thread)
08-19 09:15:59.707 D/        ( 1441): HostConnection::get() New Host Connection established 0xe5203780, tid 1454
08-19 09:15:59.707 D/gralloc_ranchu( 1441): gralloc_unregister_buffer: exiting HostConnection (is buffer-handling thread)
08-19 09:16:00.020 D/hwcomposer( 1432): hw_composer sent 168 syncs in 87s
08-19 09:16:04.238 E/SurfaceFlinger( 1441): ro.sf.lcd_density must be defined as a build property
08-19 09:16:04.252 D/gralloc_ranchu( 1431): gralloc_alloc: Creating ashmem region of size 8298496
08-19 09:16:04.255 D/        (26697): HostConnection::get() New Host Connection established 0xf0348240, tid 26697
08-19 09:16:04.259 D/        ( 1441): HostConnection::get() New Host Connection established 0xeaf46c00, tid 1692
08-19 09:16:04.268 D/gralloc_ranchu( 1441): gralloc_unregister_buffer: exiting HostConnection (is buffer-handling thread)
08-19 09:16:04.269 D/        ( 1441): HostConnection::get() New Host Connection established 0xeaf46c00, tid 1692
08-19 09:16:04.270 D/gralloc_ranchu( 1441): gralloc_unregister_buffer: exiting HostConnection (is buffer-handling thread)
08-19 09:16:08.805 E/SurfaceFlinger( 1441): ro.sf.lcd_density must be defined as a build property
08-19 09:16:08.818 D/gralloc_ranchu( 1431): gralloc_alloc: Creating ashmem region of size 8298496
08-19 09:16:08.821 D/        (26702): HostConnection::get() New Host Connection established 0xf05c8240, tid 26702
08-19 09:16:08.826 D/        ( 1441): HostConnection::get() New Host Connection established 0xeaf46c00, tid 1692
08-19 09:16:08.834 D/gralloc_ranchu( 1441): gralloc_unregister_buffer: exiting HostConnection (is buffer-handling thread)
08-19 09:16:08.835 D/        ( 1441): HostConnection::get() New Host Connection established 0xeaf46c00, tid 1692
08-19 09:16:08.835 D/gralloc_ranchu( 1441): gralloc_unregister_buffer: exiting HostConnection (is buffer-handling thread)
08-19 09:16:13.336 E/SurfaceFlinger( 1441): ro.sf.lcd_density must be defined as a build property
08-19 09:16:13.351 D/gralloc_ranchu( 1431): gralloc_alloc: Creating ashmem region of size 8298496
08-19 09:16:13.354 D/        (26708): HostConnection::get() New Host Connection established 0xe6348240, tid 26708
08-19 09:16:13.358 D/        ( 1441): HostConnection::get() New Host Connection established 0xeaf46c00, tid 1692
08-19 09:16:13.367 D/gralloc_ranchu( 1441): gralloc_unregister_buffer: exiting HostConnection (is buffer-handling thread)
08-19 09:16:13.368 D/        ( 1441): HostConnection::get() New Host Connection established 0xeaf46c00, tid 1692
08-19 09:16:13.368 D/gralloc_ranchu( 1441): gralloc_unregister_buffer: exiting HostConnection (is buffer-handling thread)
08-19 09:16:17.901 E/SurfaceFlinger( 1441): ro.sf.lcd_density must be defined as a build property
08-19 09:16:17.915 D/gralloc_ranchu( 1431): gralloc_alloc: Creating ashmem region of size 8298496
08-19 09:16:17.917 D/        (26713): HostConnection::get() New Host Connection established 0xee048240, tid 26713
08-19 09:16:17.921 D/        ( 1441): HostConnection::get() New Host Connection established 0xeaf46c00, tid 1692
08-19 09:16:17.931 D/gralloc_ranchu( 1441): gralloc_unregister_buffer: exiting HostConnection (is buffer-handling thread)
08-19 09:16:17.932 D/        ( 1441): HostConnection::get() New Host Connection established 0xeaf46c00, tid 1692
08-19 09:16:17.932 D/gralloc_ranchu( 1441): gralloc_unregister_buffer: exiting HostConnection (is buffer-handling thread)
08-19 09:16:29.871 E/memtrack( 1634): Couldn't load memtrack module
08-19 09:16:29.871 W/android.os.Debug( 1634): failed to get memory consumption info: -1
08-19 09:16:31.667 I/boot-pipe( 1439): done populating /dev/random
08-19 09:16:40.873 E/memtrack( 1634): Couldn't load memtrack module
08-19 09:16:40.873 W/android.os.Debug( 1634): failed to get memory consumption info: -1
