--------- beginning of main
08-19 08:38:00.008 D/hwcomposer( 1432): hw_composer sent 12 syncs in 60s
08-19 08:38:02.479 E/memtrack( 1634): Couldn't load memtrack module
08-19 08:38:02.479 W/android.os.Debug( 1634): failed to get memory consumption info: -1
08-19 08:38:02.498 E/memtrack( 1634): Couldn't load memtrack module
08-19 08:38:02.498 W/android.os.Debug( 1634): failed to get memory consumption info: -1
--------- beginning of system
08-19 08:38:29.414 I/ActivityManager( 1634): Force stopping se.foglo.svt appid=10084 user=0: from pid 24127
08-19 08:38:29.421 D/CarrierSvcBindHelper( 1890): No carrier app for: 0
08-19 08:38:30.553 D/AndroidRuntime(24131): >>>>>> START com.android.internal.os.RuntimeInit uid 0 <<<<<<
08-19 08:38:30.556 W/app_process(24131): Could not reserve sentinel fault page
08-19 08:38:30.604 W/app_process(24131): Unexpected CPU variant for X86 using defaults: x86
08-19 08:38:30.607 I/app_process(24131): The ClassLoaderContext is a special shared library.
08-19 08:38:30.636 D/AndroidRuntime(24131): Calling main entry com.android.commands.monkey.Monkey
08-19 08:38:30.636 W/Monkey  (24131): args: [-p, se.foglo.svt, -c, android.intent.category.LAUNCHER, 1]
08-19 08:38:30.637 W/Monkey  (24131):  arg: "-p"
08-19 08:38:30.637 W/Monkey  (24131):  arg: "se.foglo.svt"
08-19 08:38:30.637 W/Monkey  (24131):  arg: "-c"
08-19 08:38:30.637 W/Monkey  (24131):  arg: "android.intent.category.LAUNCHER"
08-19 08:38:30.637 W/Monkey  (24131):  arg: "1"
08-19 08:38:30.637 W/Monkey  (24131): data="se.foglo.svt"
08-19 08:38:30.637 W/Monkey  (24131): data="android.intent.category.LAUNCHER"
08-19 08:38:30.654 W/BroadcastQueue( 1634): Skipping deliver [background] BroadcastRecord{73bd8a u-1 android.net.conn.CONNECTIVITY_CHANGE} to ReceiverList{7c3effb 24131 (unknown name)/0/u-1 remote:9d6952c}: process gone or crashing
08-19 08:38:30.662 I/ActivityManager( 1634): START u0 {act=android.intent.action.MAIN cat=[android.intent.category.LAUNCHER] flg=0x10200000 cmp=se.foglo.svt/se.gu3.shared.Gu3Activity} from uid 0
08-19 08:38:30.662 W/Binder  ( 1634): Outgoing transactions from this process must be FLAG_ONEWAY
08-19 08:38:30.662 W/Binder  ( 1634): java.lang.Throwable
08-19 08:38:30.662 W/Binder  ( 1634): 	at android.os.BinderProxy.transact(Binder.java:752)
08-19 08:38:30.662 W/Binder  ( 1634): 	at android.app.IActivityController$Stub$Proxy.activityStarting(IActivityController.java:172)
08-19 08:38:30.662 W/Binder  ( 1634): 	at com.android.server.am.ActivityStarter.startActivity(ActivityStarter.java:449)
08-19 08:38:30.662 W/Binder  ( 1634): 	at com.android.server.am.ActivityStarter.startActivityLocked(ActivityStarter.java:278)
08-19 08:38:30.662 W/Binder  ( 1634): 	at com.android.server.am.ActivityStarter.startActivityMayWait(ActivityStarter.java:817)
08-19 08:38:30.662 W/Binder  ( 1634): 	at com.android.server.am.ActivityManagerService.startActivityAsUser(ActivityManagerService.java:4532)
08-19 08:38:30.662 W/Binder  ( 1634): 	at com.android.server.am.ActivityManagerService.startActivity(ActivityManagerService.java:4519)
08-19 08:38:30.662 W/Binder  ( 1634): 	at android.app.IActivityManager$Stub.onTransact(IActivityManager.java:121)
08-19 08:38:30.662 W/Binder  ( 1634): 	at com.android.server.am.ActivityManagerService.onTransact(ActivityManagerService.java:2919)
08-19 08:38:30.662 W/Binder  ( 1634): 	at android.os.Binder.execTransact(Binder.java:697)
08-19 08:38:30.674 I/Monkey  (24131): Events injected: 1
08-19 08:38:30.691 D/gralloc_ranchu( 1431): gralloc_alloc: Creating ashmem region of size 8298496
08-19 08:38:30.693 D/        ( 1441): HostConnection::get() New Host Connection established 0xe5203900, tid 1455
08-19 08:38:30.711 W/LocalDisplayAdapter( 1634): Unable to find color mode 0, ignoring request.
08-19 08:38:30.724 D/gralloc_ranchu( 1432): gralloc_unregister_buffer: exiting HostConnection (is buffer-handling thread)
08-19 08:38:30.725 D/        ( 1432): HostConnection::get() New Host Connection established 0xe85a39c0, tid 27910
08-19 08:38:30.726 D/gralloc_ranchu( 1432): gralloc_unregister_buffer: exiting HostConnection (is buffer-handling thread)
08-19 08:38:30.727 D/        ( 1432): HostConnection::get() New Host Connection established 0xe85a39c0, tid 27910
08-19 08:38:30.736 I/ActivityManager( 1634): Start proc 24141:se.foglo.svt/u0a84 for activity se.foglo.svt/se.gu3.shared.Gu3Activity
08-19 08:38:30.738 I/ActivityManager( 1634): Config changes=480 {1.0 310mcc260mnc [en_US] ldltr sw411dp w683dp h387dp 420dpi nrml land finger qwerty/v/v -nav/h appBounds=Rect(0, 0 - 1794, 1080) s.407}
08-19 08:38:30.739 I/ActivityManager( 1634): Override config changes=480 {1.0 310mcc260mnc [en_US] ldltr sw411dp w683dp h387dp 420dpi nrml land finger qwerty/v/v -nav/h appBounds=Rect(0, 0 - 1794, 1080) s.407} for displayId=0
08-19 08:38:30.742 W/zygote  (24141): Unexpected CPU variant for X86 using defaults: x86
08-19 08:38:30.743 I/InputReader( 1634): Reconfiguring input devices.  changes=0x00000004
08-19 08:38:30.743 I/InputReader( 1634): Device reconfigured: id=0, name='qwerty2', size 1080x1920, orientation 1, mode 1, display id 0
08-19 08:38:30.750 D/EGL_emulation( 2309): eglMakeCurrent: 0xd033a2c0: ver 3 0 (tinfo 0xd0a482c0)
08-19 08:38:30.753 D/gralloc_ranchu( 1441): gralloc_unregister_buffer: exiting HostConnection (is buffer-handling thread)
08-19 08:38:30.754 D/        ( 1441): HostConnection::get() New Host Connection established 0xe5203900, tid 1455
08-19 08:38:30.754 D/gralloc_ranchu( 1441): gralloc_unregister_buffer: exiting HostConnection (is buffer-handling thread)
08-19 08:38:30.784 W/LocalDisplayAdapter( 1634): Unable to find color mode 0, ignoring request.
08-19 08:38:30.808 D/EGL_emulation( 2255): eglMakeCurrent: 0xd3ef2940: ver 3 0 (tinfo 0xd3efdb30)
08-19 08:38:30.855 W/LocalDisplayAdapter( 1634): Unable to find color mode 0, ignoring request.
08-19 08:38:30.881 I/InputReader( 1634): Reconfiguring input devices.  changes=0x00000004
08-19 08:38:30.882 W/LocalDisplayAdapter( 1634): Unable to find color mode 0, ignoring request.
08-19 08:38:30.901 D/gralloc_ranchu( 1432): gralloc_unregister_buffer: exiting HostConnection (is buffer-handling thread)
08-19 08:38:30.901 D/        ( 1432): HostConnection::get() New Host Connection established 0xe85a39c0, tid 27910
08-19 08:38:30.902 D/gralloc_ranchu( 1432): gralloc_unregister_buffer: exiting HostConnection (is buffer-handling thread)
08-19 08:38:30.903 D/        ( 1432): HostConnection::get() New Host Connection established 0xe85a39c0, tid 27910
08-19 08:38:30.903 D/gralloc_ranchu( 1432): gralloc_unregister_buffer: exiting HostConnection (is buffer-handling thread)
08-19 08:38:30.903 D/        ( 1432): HostConnection::get() New Host Connection established 0xe85a39c0, tid 27910
08-19 08:38:30.904 D/gralloc_ranchu( 1432): gralloc_unregister_buffer: exiting HostConnection (is buffer-handling thread)
08-19 08:38:30.904 D/        ( 1432): HostConnection::get() New Host Connection established 0xe85a39c0, tid 27910
08-19 08:38:30.905 D/gralloc_ranchu( 1432): gralloc_unregister_buffer: exiting HostConnection (is buffer-handling thread)
08-19 08:38:30.905 D/        ( 1432): HostConnection::get() New Host Connection established 0xe85a39c0, tid 27910
08-19 08:38:30.905 D/gralloc_ranchu( 1432): gralloc_unregister_buffer: exiting HostConnection (is buffer-handling thread)
08-19 08:38:30.906 D/        ( 1432): HostConnection::get() New Host Connection established 0xe85a39c0, tid 27910
08-19 08:38:30.906 D/gralloc_ranchu( 1432): gralloc_unregister_buffer: exiting HostConnection (is buffer-handling thread)
08-19 08:38:30.906 D/        ( 1432): HostConnection::get() New Host Connection established 0xe85a39c0, tid 27910
08-19 08:38:30.906 D/gralloc_ranchu( 1432): gralloc_unregister_buffer: exiting HostConnection (is buffer-handling thread)
08-19 08:38:30.922 D/        ( 1432): HostConnection::get() New Host Connection established 0xe85a39c0, tid 27910
08-19 08:38:30.924 D/gralloc_ranchu( 1431): gralloc_alloc: Creating ashmem region of size 8298496
08-19 08:38:30.926 D/        ( 1441): HostConnection::get() New Host Connection established 0xeaf46b40, tid 1454
08-19 08:38:30.927 I/InputReader( 1634): Reconfiguring input devices.  changes=0x00000004
08-19 08:38:30.935 D/        ( 1634): HostConnection::get() New Host Connection established 0xcba6c040, tid 1678
08-19 08:38:30.961 W/ActivityManager( 1634): Slow operation: 176ms so far, now at attachApplicationLocked: after mServices.attachApplicationLocked
08-19 08:38:30.964 W/zygote  ( 1634): Long monitor contention with owner Binder:1634_9 (2239) at void com.android.server.am.ActivityManagerService.unregisterReceiver(android.content.IIntentReceiver)(ActivityManagerService.java:18881) waiters=3 in void com.android.server.am.ActivityManagerService$MainHandler.handleMessage(android.os.Message) for 179ms
08-19 08:38:30.966 W/Looper  ( 1634): Dispatch took 110ms on android.ui, h=Handler (com.android.server.am.ActivityManagerService$UiHandler) {4888d72} cb=null msg=31
08-19 08:38:30.969 I/Monkey  (24131): ## Network stats: elapsed time=63ms (0ms mobile, 0ms wifi, 63ms not connected)
08-19 08:38:30.971 I/InputReader( 1634): Reconfiguring input devices.  changes=0x00000004
08-19 08:38:30.976 I/com.android.commands.monkey(24131): System.exit called, status: 0
08-19 08:38:30.976 I/AndroidRuntime(24131): VM exiting with result code 0.
08-19 08:38:30.982 I/MultiDex(24141): VM with version 2.1.0 has multidex support
08-19 08:38:30.982 I/MultiDex(24141): install
08-19 08:38:30.982 I/MultiDex(24141): VM has multidex support, MultiDex support library is disabled.
08-19 08:38:30.988 D/FirebaseApp(24141): com.google.firebase.auth.[REDACTED] is not linked. Skipping initialization.
08-19 08:38:30.996 D/FirebaseApp(24141): com.google.firebase.crash.FirebaseCrash is not linked. Skipping initialization.
08-19 08:38:31.001 I/FirebaseInitProvider(24141): FirebaseApp initialization successful
08-19 08:38:31.012 W/LocalDisplayAdapter( 1634): Unable to find color mode 0, ignoring request.
08-19 08:38:31.035 D/        ( 1441): HostConnection::get() New Host Connection established 0xeaf46cc0, tid 1692
08-19 08:38:31.036 D/gralloc_ranchu( 1441): gralloc_unregister_buffer: exiting HostConnection (is buffer-handling thread)
08-19 08:38:31.037 D/        ( 1441): HostConnection::get() New Host Connection established 0xeaf46cc0, tid 1692
08-19 08:38:31.037 D/gralloc_ranchu( 1441): gralloc_unregister_buffer: exiting HostConnection (is buffer-handling thread)
08-19 08:38:31.038 D/        ( 1441): HostConnection::get() New Host Connection established 0xeaf46cc0, tid 1692
08-19 08:38:31.038 D/gralloc_ranchu( 1441): gralloc_unregister_buffer: exiting HostConnection (is buffer-handling thread)
08-19 08:38:31.039 D/        ( 1441): HostConnection::get() New Host Connection established 0xeaf46cc0, tid 1692
08-19 08:38:31.039 D/gralloc_ranchu( 1441): gralloc_unregister_buffer: exiting HostConnection (is buffer-handling thread)
08-19 08:38:31.040 D/gralloc_ranchu( 1431): gralloc_alloc: Creating ashmem region of size 544768
08-19 08:38:31.043 D/        ( 1441): HostConnection::get() New Host Connection established 0xe5203940, tid 2046
08-19 08:38:31.048 I/InputReader( 1634): Reconfiguring input devices.  changes=0x00000004
08-19 08:38:31.051 W/LocalDisplayAdapter( 1634): Unable to find color mode 0, ignoring request.
08-19 08:38:31.059 I/FA      (24141): App measurement is starting up, version: 12211
08-19 08:38:31.059 I/FA      (24141): To enable debug logging run: adb shell setprop log.tag.FA VERBOSE
08-19 08:38:31.060 I/FA      (24141): To enable faster debug mode event logging run:
08-19 08:38:31.060 I/FA      (24141):   adb shell setprop debug.firebase.analytics.app se.foglo.svt
08-19 08:38:31.064 D/EGL_emulation( 1745): eglMakeCurrent: 0xd323d860: ver 3 0 (tinfo 0xd3c7f9d0)
08-19 08:38:31.066 D/gralloc_ranchu( 1432): gralloc_unregister_buffer: exiting HostConnection (is buffer-handling thread)
08-19 08:38:31.067 D/        ( 1432): HostConnection::get() New Host Connection established 0xe85a39c0, tid 27910
08-19 08:38:31.067 D/gralloc_ranchu( 1432): gralloc_unregister_buffer: exiting HostConnection (is buffer-handling thread)
08-19 08:38:31.068 D/        ( 1432): HostConnection::get() New Host Connection established 0xe85a39c0, tid 27910
08-19 08:38:31.068 D/gralloc_ranchu( 1432): gralloc_unregister_buffer: exiting HostConnection (is buffer-handling thread)
08-19 08:38:31.068 D/        ( 1432): HostConnection::get() New Host Connection established 0xe85a39c0, tid 27910
08-19 08:38:31.069 D/gralloc_ranchu( 1432): gralloc_unregister_buffer: exiting HostConnection (is buffer-handling thread)
08-19 08:38:31.069 D/        ( 1432): HostConnection::get() New Host Connection established 0xe85a39c0, tid 27910
08-19 08:38:31.069 D/gralloc_ranchu( 1432): gralloc_unregister_buffer: exiting HostConnection (is buffer-handling thread)
08-19 08:38:31.070 D/        ( 1432): HostConnection::get() New Host Connection established 0xe85a39c0, tid 27910
08-19 08:38:31.070 D/gralloc_ranchu( 1432): gralloc_unregister_buffer: exiting HostConnection (is buffer-handling thread)
08-19 08:38:31.075 D/gralloc_ranchu( 1431): gralloc_alloc: Creating ashmem region of size 544768
08-19 08:38:31.091 D/        ( 1432): HostConnection::get() New Host Connection established 0xe85a39c0, tid 27910
08-19 08:38:31.095 I/InputReader( 1634): Reconfiguring input devices.  changes=0x00000004
08-19 08:38:31.096 D/Gu3Shared(24141): Gu3Activity created.
08-19 08:38:31.109 D/EGL_emulation( 1634): eglMakeCurrent: 0xe667d140: ver 3 0 (tinfo 0xd2996380)
08-19 08:38:31.113 D/gralloc_ranchu( 1441): gralloc_unregister_buffer: exiting HostConnection (is buffer-handling thread)
08-19 08:38:31.114 D/        ( 1441): HostConnection::get() New Host Connection established 0xeaf46b40, tid 1454
08-19 08:38:31.114 D/gralloc_ranchu( 1441): gralloc_unregister_buffer: exiting HostConnection (is buffer-handling thread)
08-19 08:38:31.115 D/gralloc_ranchu( 1431): gralloc_alloc: Creating ashmem region of size 2965504
08-19 08:38:31.125 W/Unity   (24141): Failed to get permission info for com.android.vending.BILLING, manifest likely missing custom permission declaration
08-19 08:38:31.125 W/Unity   (24141): Permission com.android.vending.BILLING ignored
08-19 08:38:31.134 D/EGL_emulation( 1634): eglMakeCurrent: 0xe667d140: ver 3 0 (tinfo 0xd2996380)
08-19 08:38:31.134 W/LocalDisplayAdapter( 1634): Unable to find color mode 0, ignoring request.
08-19 08:38:31.142 D/Gu3Shared(24141): Gu3Activity opened from notification: NO, Payload: 
08-19 08:38:31.142 W/AudioManager(24141): Use of stream types is deprecated for operations other than volume control
08-19 08:38:31.143 W/AudioManager(24141): See the documentation of requestAudioFocus() for what to use instead with android.media.AudioAttributes to qualify your playback use case
08-19 08:38:31.144 I/MediaFocusControl( 1634): requestAudioFocus() from uid/pid 10084/24141 clientId=android.media.AudioManager@c05a912se.gu3.shared.Gu3Activity$7@dd8a8e3 callingPack=se.foglo.svt req=1 flags=0x0 sdk=26
08-19 08:38:31.153 D/gralloc_ranchu( 1432): gralloc_unregister_buffer: exiting HostConnection (is buffer-handling thread)
08-19 08:38:31.154 D/        ( 1432): HostConnection::get() New Host Connection established 0xe85a39c0, tid 27910
08-19 08:38:31.154 D/gralloc_ranchu( 1432): gralloc_unregister_buffer: exiting HostConnection (is buffer-handling thread)
08-19 08:38:31.155 D/gralloc_ranchu( 1431): gralloc_alloc: Creating ashmem region of size 2965504
08-19 08:38:31.157 I/InputReader( 1634): Reconfiguring input devices.  changes=0x00000004
08-19 08:38:31.157 D/        ( 1441): HostConnection::get() New Host Connection established 0xeaf46cc0, tid 1692
08-19 08:38:31.158 I/FA      (24141): Tag Manager is not found and thus will not be used
08-19 08:38:31.160 E/SurfaceFlinger( 1441): ro.sf.lcd_density must be defined as a build property
08-19 08:38:31.161 D/OpenGLRenderer(24141): HWUI GL Pipeline
08-19 08:38:31.165 D/EGL_emulation( 1745): eglCreateContext: 0xd077ed40: maj 3 min 0 rcv 3
08-19 08:38:31.166 W/Looper  ( 1634): Dispatch took 133ms on android.ui, h=Handler (android.view.Choreographer$FrameHandler) {5108bdd} cb=android.view.Choreographer$FrameDisplayEventReceiver@c971352 msg=0
08-19 08:38:31.171 D/EGL_emulation( 1745): eglMakeCurrent: 0xd077ed40: ver 3 0 (tinfo 0xd1c2b690)
08-19 08:38:31.172 D/        ( 1432): HostConnection::get() New Host Connection established 0xe85a39c0, tid 27910
08-19 08:38:31.175 D/gralloc_ranchu( 1431): gralloc_alloc: Creating ashmem region of size 9547776
08-19 08:38:31.176 D/        ( 1441): HostConnection::get() New Host Connection established 0xeac291c0, tid 1455
08-19 08:38:31.178 D/gralloc_ranchu( 1431): gralloc_alloc: Creating ashmem region of size 2965504
08-19 08:38:31.192 D/EGL_emulation( 1745): eglMakeCurrent: 0xd077ed40: ver 3 0 (tinfo 0xd1c2b690)
08-19 08:38:31.268 D/        (24141): HostConnection::get() New Host Connection established 0xe3cb4d00, tid 24168
08-19 08:38:31.273 I/zygote  (24141): android::hardware::configstore::V1_0::ISurfaceFlingerConfigs::hasWideColorDisplay retrieved: 0
08-19 08:38:31.273 I/OpenGLRenderer(24141): Initialized EGL, version 1.4
08-19 08:38:31.273 D/OpenGLRenderer(24141): Swap behavior 1
08-19 08:38:31.344 D/EGL_emulation(24141): eglCreateContext: 0xe667d4a0: maj 3 min 0 rcv 3
08-19 08:38:31.410 D/gralloc_ranchu( 1431): gralloc_alloc: Creating ashmem region of size 9547776
08-19 08:38:31.419 D/EGL_emulation(24141): eglMakeCurrent: 0xe667d4a0: ver 3 0 (tinfo 0xe4f6d260)
08-19 08:38:31.421 D/gralloc_ranchu( 1441): gralloc_unregister_buffer: exiting HostConnection (is buffer-handling thread)
08-19 08:38:31.422 D/        ( 1441): HostConnection::get() New Host Connection established 0xeac291c0, tid 1455
08-19 08:38:31.423 D/gralloc_ranchu( 1441): gralloc_unregister_buffer: exiting HostConnection (is buffer-handling thread)
08-19 08:38:31.423 E/SurfaceFlinger( 1441): ro.sf.lcd_density must be defined as a build property
08-19 08:38:31.427 D/gralloc_ranchu( 1431): gralloc_alloc: Creating ashmem region of size 8298496
08-19 08:38:31.443 D/        ( 1441): HostConnection::get() New Host Connection established 0xeaf46980, tid 1454
08-19 08:38:31.470 D/gralloc_ranchu( 1431): gralloc_alloc: Creating ashmem region of size 544768
08-19 08:38:31.495 D/EGL_emulation(24141): eglMakeCurrent: 0xe667d4a0: ver 3 0 (tinfo 0xe4f6d260)
08-19 08:38:31.538 D/gralloc_ranchu( 1441): gralloc_unregister_buffer: exiting HostConnection (is buffer-handling thread)
08-19 08:38:31.538 D/        ( 1441): HostConnection::get() New Host Connection established 0xe5203940, tid 2046
08-19 08:38:31.539 D/gralloc_ranchu( 1441): gralloc_unregister_buffer: exiting HostConnection (is buffer-handling thread)
08-19 08:38:31.540 D/        ( 1441): HostConnection::get() New Host Connection established 0xe5203940, tid 2046
08-19 08:38:31.540 D/gralloc_ranchu( 1441): gralloc_unregister_buffer: exiting HostConnection (is buffer-handling thread)
08-19 08:38:31.541 D/        ( 1441): HostConnection::get() New Host Connection established 0xe5203940, tid 2046
08-19 08:38:31.541 D/gralloc_ranchu( 1441): gralloc_unregister_buffer: exiting HostConnection (is buffer-handling thread)
08-19 08:38:31.542 D/gralloc_ranchu( 1431): gralloc_alloc: Creating ashmem region of size 487424
08-19 08:38:31.549 D/StatusBar( 1745): disable<e i a s b h r c s q >
08-19 08:38:31.555 D/        ( 1441): HostConnection::get() New Host Connection established 0xeac291c0, tid 1455
08-19 08:38:31.573 D/EGL_emulation( 1745): eglMakeCurrent: 0xd323d860: ver 3 0 (tinfo 0xd3c7f9d0)
08-19 08:38:31.581 D/gralloc_ranchu( 1431): gralloc_alloc: Creating ashmem region of size 487424
08-19 08:38:31.583 D/        ( 1441): HostConnection::get() New Host Connection established 0xe5203940, tid 2046
08-19 08:38:31.643 I/boot-pipe( 1439): done populating /dev/random
08-19 08:38:31.661 W/StatusBar/NavBarView( 1745): *** Invalid layout in navigation bar (sizeChanged this=126x1080 cur=126x1038)
08-19 08:38:31.803 D/gralloc_ranchu( 1431): gralloc_alloc: Creating ashmem region of size 8298496
08-19 08:38:31.803 D/EGL_emulation( 1745): eglCreateContext: 0xd077ed40: maj 3 min 0 rcv 3
08-19 08:38:31.810 D/EGL_emulation( 1745): eglMakeCurrent: 0xd077ed40: ver 3 0 (tinfo 0xd1c2b690)
08-19 08:38:31.812 D/Gu3Shared(24141): AdId: d4588093-d0ac-408e-adc0-7cf568e08dcb
08-19 08:38:31.832 D/gralloc_ranchu( 1431): gralloc_alloc: Creating ashmem region of size 8298496
08-19 08:38:31.835 D/EGL_emulation( 1745): eglMakeCurrent: 0xd077ed40: ver 3 0 (tinfo 0xd1c2b690)
08-19 08:38:31.883 E/SQLiteDatabase( 2030): Error inserting period=6195000 preferred_charging_state=1 preferred_network_type=1 target_class=com.google.android.gms.measurement.PackageMeasurementTaskService required_network_type=0 runtime=1787128711871 required_idleness_state=0 source=16 service_kind=0 target_package=com.google.android.gms persistence_level=1 source_version=202414000 last_runtime=0 user_id=0 job_id=-1 requires_charging=0 tag=Measurement.PackageMeasurementTaskService.UPLOAD_TASK_TAG flex_time=3097000 task_type=0 retry_strategy={"maximum_backoff_seconds":{"3600":0},"initial_backoff_seconds":{"30":0},"retry_policy":{"0":0}}
08-19 08:38:31.883 E/SQLiteDatabase( 2030): android.database.sqlite.SQLiteConstraintException: UNIQUE constraint failed: pending_ops.tag, pending_ops.target_class, pending_ops.target_package, pending_ops.user_id (code 2067)
08-19 08:38:31.883 E/SQLiteDatabase( 2030): 	at android.database.sqlite.SQLiteConnection.nativeExecuteForLastInsertedRowId(Native Method)
08-19 08:38:31.883 E/SQLiteDatabase( 2030): 	at android.database.sqlite.SQLiteConnection.executeForLastInsertedRowId(SQLiteConnection.java:783)
08-19 08:38:31.883 E/SQLiteDatabase( 2030): 	at android.database.sqlite.SQLiteSession.executeForLastInsertedRowId(SQLiteSession.java:788)
08-19 08:38:31.883 E/SQLiteDatabase( 2030): 	at android.database.sqlite.SQLiteStatement.executeInsert(SQLiteStatement.java:86)
08-19 08:38:31.883 E/SQLiteDatabase( 2030): 	at android.database.sqlite.SQLiteDatabase.insertWithOnConflict(SQLiteDatabase.java:1548)
08-19 08:38:31.883 E/SQLiteDatabase( 2030): 	at android.database.sqlite.SQLiteDatabase.insert(SQLiteDatabase.java:1417)
08-19 08:38:31.883 E/SQLiteDatabase( 2030): 	at aqui.a(:com.google.android.gms@202414022@20.24.14 (040700-319035315):175)
08-19 08:38:31.883 E/SQLiteDatabase( 2030): 	at aqtk.a(:com.google.android.gms@202414022@20.24.14 (040700-319035315):182)
08-19 08:38:31.883 E/SQLiteDatabase( 2030): 	at aqtk.a(:com.google.android.gms@202414022@20.24.14 (040700-319035315):23)
08-19 08:38:31.883 E/SQLiteDatabase( 2030): 	at aqtk.a(:com.google.android.gms@202414022@20.24.14 (040700-319035315):177)
08-19 08:38:31.883 E/SQLiteDatabase( 2030): 	at aqpu.run(:com.google.android.gms@202414022@20.24.14 (040700-319035315):9)
08-19 08:38:31.883 E/SQLiteDatabase( 2030): 	at soy.b(:com.google.android.gms@202414022@20.24.14 (040700-319035315):12)
08-19 08:38:31.883 E/SQLiteDatabase( 2030): 	at soy.run(:com.google.android.gms@202414022@20.24.14 (040700-319035315):7)
08-19 08:38:31.883 E/SQLiteDatabase( 2030): 	at java.util.concurrent.ThreadPoolExecutor.runWorker(ThreadPoolExecutor.java:1162)
08-19 08:38:31.883 E/SQLiteDatabase( 2030): 	at java.util.concurrent.ThreadPoolExecutor$Worker.run(ThreadPoolExecutor.java:636)
08-19 08:38:31.883 E/SQLiteDatabase( 2030): 	at sux.run(:com.google.android.gms@202414022@20.24.14 (040700-319035315):0)
08-19 08:38:31.883 E/SQLiteDatabase( 2030): 	at java.lang.Thread.run(Thread.java:764)
08-19 08:38:31.944 E/WindowManager( 1634): Performed 6 layouts in a row. Skipping
08-19 08:38:31.944 W/zygote  ( 1634): Long monitor contention with owner android.anim (1678) at void com.android.server.wm.WindowSurfacePlacer.lambda$-com_android_server_wm_WindowSurfacePlacer_5337()(WindowSurfacePlacer.java:107) waiters=0 in void com.android.server.wm.WindowManagerService$H.handleMessage(android.os.Message) for 133ms
08-19 08:38:31.944 W/zygote  ( 1634): Long monitor contention with owner android.anim (1678) at void com.android.server.wm.WindowSurfacePlacer.lambda$-com_android_server_wm_WindowSurfacePlacer_5337()(WindowSurfacePlacer.java:107) waiters=1 in void com.android.server.wm.WindowManagerService.finishDrawingWindow(com.android.server.wm.Session, android.view.IWindow) for 123ms
08-19 08:38:31.982 I/ActivityManager( 1634): Displayed se.foglo.svt/se.gu3.shared.Gu3Activity: +1s222ms
08-19 08:38:32.041 D/gralloc_ranchu( 1634): gralloc_unregister_buffer: exiting HostConnection (is buffer-handling thread)
08-19 08:38:32.041 D/gralloc_ranchu( 1431): gralloc_alloc: Creating ashmem region of size 8298496
08-19 08:38:32.043 D/        ( 1634): HostConnection::get() New Host Connection established 0xcba6c040, tid 1678
08-19 08:38:32.045 D/gralloc_ranchu( 1634): gralloc_unregister_buffer: exiting HostConnection (is buffer-handling thread)
08-19 08:38:32.058 D/gralloc_ranchu( 1441): gralloc_unregister_buffer: exiting HostConnection (is buffer-handling thread)
08-19 08:38:32.059 D/gralloc_ranchu( 1432): gralloc_unregister_buffer: exiting HostConnection (is buffer-handling thread)
08-19 08:38:32.060 D/        ( 1432): HostConnection::get() New Host Connection established 0xe85a39c0, tid 27910
08-19 08:38:32.060 D/        ( 1441): HostConnection::get() New Host Connection established 0xe5203940, tid 2046
08-19 08:38:32.060 D/gralloc_ranchu( 1432): gralloc_unregister_buffer: exiting HostConnection (is buffer-handling thread)
08-19 08:38:32.061 D/gralloc_ranchu( 1441): gralloc_unregister_buffer: exiting HostConnection (is buffer-handling thread)
08-19 08:38:32.065 D/        ( 1432): HostConnection::get() New Host Connection established 0xe85a39c0, tid 27910
08-19 08:38:32.068 I/Choreographer( 1745): Skipped 30 frames!  The application may be doing too much work on its main thread.
08-19 08:38:32.088 I/WindowManager( 1634): Screen frozen for +1s400ms due to Window{f69ec65 u0 Splash Screen se.foglo.svt}
08-19 08:38:32.089 D/gralloc_ranchu( 1431): gralloc_alloc: Creating ashmem region of size 487424
08-19 08:38:32.139 D/SurfaceFlinger( 1441): duplicate layer name: changing BlackSurface to BlackSurface#1
08-19 08:38:32.159 D/SurfaceFlinger( 1441): duplicate layer name: changing BlackSurface to BlackSurface#2
08-19 08:38:32.176 I/PBSessionCacheImpl( 2309): Deleted sessionId[705066052678] from persistence.
08-19 08:38:32.179 D/SurfaceFlinger( 1441): duplicate layer name: changing BlackSurface to BlackSurface#3
08-19 08:38:32.182 I/zygote  ( 2309): Do full code cache collection, code=2MB, data=1654KB
08-19 08:38:32.184 E/SurfaceFlinger( 1441): Failed to find layer (com.google.android.apps.nexuslauncher/com.google.android.apps.nexuslauncher.NexusLauncherActivity#1) in layer parent (no-parent).
08-19 08:38:32.188 I/zygote  ( 2309): After code cache collection, code=2MB, data=1499KB
08-19 08:38:32.189 W/SearchService( 2309): Abort, client detached.
08-19 08:38:32.201 W/SurfaceFlinger( 1441): couldn't log to binary event log: overflow.
08-19 08:38:32.201 D/gralloc_ranchu( 1432): gralloc_unregister_buffer: exiting HostConnection (is buffer-handling thread)
08-19 08:38:32.202 D/        ( 1432): HostConnection::get() New Host Connection established 0xe85a39c0, tid 27910
08-19 08:38:32.202 D/gralloc_ranchu( 1432): gralloc_unregister_buffer: exiting HostConnection (is buffer-handling thread)
08-19 08:38:32.203 D/        ( 1432): HostConnection::get() New Host Connection established 0xe85a39c0, tid 27910
08-19 08:38:32.203 D/gralloc_ranchu( 1432): gralloc_unregister_buffer: exiting HostConnection (is buffer-handling thread)
08-19 08:38:32.203 D/EGL_emulation( 1745): eglMakeCurrent: 0xd323d860: ver 3 0 (tinfo 0xd3c7f9d0)
08-19 08:38:32.204 D/        ( 1432): HostConnection::get() New Host Connection established 0xe85a39c0, tid 27910
08-19 08:38:32.204 D/gralloc_ranchu( 1432): gralloc_unregister_buffer: exiting HostConnection (is buffer-handling thread)
08-19 08:38:32.204 D/        ( 1432): HostConnection::get() New Host Connection established 0xe85a39c0, tid 27910
08-19 08:38:32.205 D/gralloc_ranchu( 1432): gralloc_unregister_buffer: exiting HostConnection (is buffer-handling thread)
08-19 08:38:32.205 D/        ( 1432): HostConnection::get() New Host Connection established 0xe85a39c0, tid 27910
08-19 08:38:32.205 D/gralloc_ranchu( 1432): gralloc_unregister_buffer: exiting HostConnection (is buffer-handling thread)
08-19 08:38:32.220 D/        ( 1432): HostConnection::get() New Host Connection established 0xe85a39c0, tid 27910
08-19 08:38:32.248 I/LogUtils( 2030): [Places]: ?: Couldn't find platform key file. [CONTEXT service_id=253 ]
08-19 08:38:32.254 I/LogUtils( 2030): [Places]: ?: Couldn't find platform key file. [CONTEXT service_id=253 ]
08-19 08:38:32.269 I/LogUtils( 2030): [Places]: ?: PlacesBleScanner stop() [CONTEXT service_id=253 ]
08-19 08:38:32.269 I/BeaconBle( 2030): Scan : No clients left, canceling alarm. [CONTEXT service_id=111 ]
08-19 08:38:32.270 I/BeaconBle( 2030): Scan canceled successfully. [CONTEXT service_id=111 ]
08-19 08:38:32.275 I/PlacesLogger( 2030): [PlaceInferenceEngine]: [anon] Changed inference mode: 0 [CONTEXT service_id=253 ]
08-19 08:38:32.285 I/LogUtils( 2030): [Places]: ?: Couldn't find platform key file. [CONTEXT service_id=253 ]
08-19 08:38:32.285 I/LogUtils( 2030): [Places]: ?: Couldn't find platform key file. [CONTEXT service_id=253 ]
08-19 08:38:32.290 I/GeofencerStateMachine( 2030): removeGeofences: removeRequest=RemoveGeofencingRequest[REMOVE_BY_PENDING_INTENT pendingIntent=PendingIntent[creatorPackage=com.google.android.gms], packageName=com.google.android.gms]
08-19 08:38:32.625 D/gralloc_ranchu( 1432): gralloc_unregister_buffer: exiting HostConnection (is buffer-handling thread)
08-19 08:38:32.626 D/        ( 1432): HostConnection::get() New Host Connection established 0xe85a39c0, tid 27910
08-19 08:38:32.627 D/gralloc_ranchu( 1432): gralloc_unregister_buffer: exiting HostConnection (is buffer-handling thread)
08-19 08:38:32.641 D/        ( 1432): HostConnection::get() New Host Connection established 0xe85a39c0, tid 27910
08-19 08:38:34.247 I/zygote  ( 1634): Explicit concurrent copying GC freed 6608(418KB) AllocSpace objects, 3(124KB) LOS objects, 36% free, 10MB/16MB, paused 812us total 63.088ms
08-19 08:38:34.759 E/TaskPersister( 1634): File error accessing recents directory (directory doesn't exist?).
08-19 08:38:37.113 E/ReloadingLock( 2309): Finalizing LOCKED Token[shortcuts 2026-08-19 08:35:31.755]
08-19 08:38:37.193 I/EventLogSendingHelper( 2309): Sending log events.
08-19 08:38:37.278 I/BeaconBle( 2030): Scan : No clients left, canceling alarm. [CONTEXT service_id=111 ]
08-19 08:38:40.060 E/BatteryExternalStatsWorker( 1634): modem info is invalid: ModemActivityInfo{ mTimestamp=0 mSleepTimeMs=0 mIdleTimeMs=0 mTxTimeMs[]=[0, 0, 0, 0, 0] mRxTimeMs=0 mEnergyUsed=0}
08-19 08:38:41.486 E/memtrack( 1634): Couldn't load memtrack module
08-19 08:38:41.486 W/android.os.Debug( 1634): failed to get memory consumption info: -1
08-19 08:38:42.487 E/memtrack( 1634): Couldn't load memtrack module
08-19 08:38:42.487 W/android.os.Debug( 1634): failed to get memory consumption info: -1
08-19 08:38:52.228 E/memtrack( 1634): Couldn't load memtrack module
08-19 08:38:52.228 W/android.os.Debug( 1634): failed to get memory consumption info: -1
08-19 08:39:00.018 D/hwcomposer( 1432): hw_composer sent 12 syncs in 60s
08-19 08:39:00.022 D/EGL_emulation( 1745): eglMakeCurrent: 0xd323d860: ver 3 0 (tinfo 0xd3c7f9d0)
08-19 08:39:01.490 E/memtrack( 1634): Couldn't load memtrack module
08-19 08:39:01.490 W/android.os.Debug( 1634): failed to get memory consumption info: -1
08-19 08:39:02.243 W/GmsLocationProvider( 2309): Error removing location updates: 16
08-19 08:39:03.115 W/netd    ( 1518): type=1400 audit(0.0:833): avc: denied { read } for name="hosts_new" dev="dm-0" ino=196614 scontext=u:r:netd:s0 tcontext=u:object_r:shell_data_file:s0 tclass=file permissive=0
08-19 08:39:03.115 W/netd    ( 1518): type=1400 audit(0.0:834): avc: denied { read } for name="hosts_new" dev="dm-0" ino=196614 scontext=u:r:netd:s0 tcontext=u:object_r:shell_data_file:s0 tclass=file permissive=0
08-19 08:39:07.249 E/memtrack( 1634): Couldn't load memtrack module
08-19 08:39:07.249 W/android.os.Debug( 1634): failed to get memory consumption info: -1
08-19 08:39:31.644 I/boot-pipe( 1439): done populating /dev/random
08-19 08:39:32.055 W/netd    ( 1518): type=1400 audit(0.0:835): avc: denied { read } for name="hosts_new" dev="dm-0" ino=196614 scontext=u:r:netd:s0 tcontext=u:object_r:shell_data_file:s0 tclass=file permissive=0
08-19 08:39:32.055 W/netd    ( 1518): type=1400 audit(0.0:836): avc: denied { read } for name="hosts_new" dev="dm-0" ino=196614 scontext=u:r:netd:s0 tcontext=u:object_r:shell_data_file:s0 tclass=file permissive=0
08-19 08:40:00.018 D/hwcomposer( 1432): hw_composer sent 6 syncs in 60s
