08-19 08:27:57.610 D/        ( 1441): HostConnection::get() New Host Connection established 0xe5203840, tid 1455
08-19 08:27:57.611 D/gralloc_ranchu( 1441): gralloc_unregister_buffer: exiting HostConnection (is buffer-handling thread)
08-19 08:27:57.611 D/        ( 1441): HostConnection::get() New Host Connection established 0xe5203840, tid 1455
08-19 08:27:57.611 D/gralloc_ranchu( 1441): gralloc_unregister_buffer: exiting HostConnection (is buffer-handling thread)
08-19 08:27:57.612 D/        ( 1441): HostConnection::get() New Host Connection established 0xe5203840, tid 1455
08-19 08:27:57.612 D/gralloc_ranchu( 1441): gralloc_unregister_buffer: exiting HostConnection (is buffer-handling thread)
08-19 08:27:57.612 D/gralloc_ranchu( 1431): gralloc_alloc: Creating ashmem region of size 274432
08-19 08:27:57.615 D/EGL_emulation( 2255): eglMakeCurrent: 0xd3ef2940: ver 3 0 (tinfo 0xd3efdb30)
08-19 08:27:57.623 D/StatusBar( 1745): disable<e i a s b h r c s q >
08-19 08:27:57.628 D/EGL_emulation( 1745): eglMakeCurrent: 0xd323d860: ver 3 0 (tinfo 0xd3c7f9d0)
08-19 08:27:57.628 D/gralloc_ranchu( 1431): gralloc_alloc: Creating ashmem region of size 8298496
08-19 08:27:57.630 D/        ( 1441): HostConnection::get() New Host Connection established 0xeac29180, tid 2046
08-19 08:27:57.640 D/gralloc_ranchu( 1441): gralloc_unregister_buffer: exiting HostConnection (is buffer-handling thread)
08-19 08:27:57.640 D/        ( 1441): HostConnection::get() New Host Connection established 0xe5203b80, tid 1692
08-19 08:27:57.641 D/gralloc_ranchu( 1441): gralloc_unregister_buffer: exiting HostConnection (is buffer-handling thread)
08-19 08:27:57.642 D/gralloc_ranchu( 1431): gralloc_alloc: Creating ashmem region of size 8298496
08-19 08:27:57.648 D/        ( 1441): HostConnection::get() New Host Connection established 0xe5203b80, tid 1692
08-19 08:27:57.649 D/gralloc_ranchu( 1431): gralloc_alloc: Creating ashmem region of size 8298496
08-19 08:27:57.652 D/gralloc_ranchu( 1431): gralloc_alloc: Creating ashmem region of size 274432
08-19 08:27:57.666 D/EGL_emulation( 2309): eglMakeCurrent: 0xd033a2c0: ver 3 0 (tinfo 0xd0a482c0)
08-19 08:27:57.668 D/        ( 1441): HostConnection::get() New Host Connection established 0xe5203840, tid 1455
08-19 08:27:57.808 D/gralloc_ranchu( 1431): gralloc_alloc: Creating ashmem region of size 8298496
08-19 08:27:57.821 W/StatusBar/NavBarView( 1745): *** Invalid layout in navigation bar (sizeChanged this=1080x126 cur=1038x126)
08-19 08:27:57.825 W/SessionLifecycleManager( 2309): Handover failed. Creating new session controller.
08-19 08:27:57.827 I/OptInState( 2309): There is a new client and it does not support opt-in. Dropping request.
08-19 08:27:57.838 I/WifiService( 1634): getConnectionInfo uid=10032
08-19 08:27:57.840 I/WifiService( 1634): getWifiEnabledState uid=10032
08-19 08:27:57.840 W/Settings( 2309): Setting mobile_data has moved from android.provider.Settings.Secure to android.provider.Settings.Global.
08-19 08:27:57.843 I/WifiService( 1634): getConnectionInfo uid=10032
08-19 08:27:57.845 I/WifiService( 1634): getWifiEnabledState uid=10032
08-19 08:27:57.845 W/Settings( 2309): Setting mobile_data has moved from android.provider.Settings.Secure to android.provider.Settings.Global.
08-19 08:27:57.851 W/LocationOracle( 2309): No location history returned by ContextManager
08-19 08:27:57.854 D/gralloc_ranchu( 1431): gralloc_alloc: Creating ashmem region of size 274432
08-19 08:27:57.895 I/GnssLocationProvider( 1634): WakeLock acquired by sendMessage(SET_REQUEST, 0, com.android.server.location.GnssLocationProvider$GpsRequest@1500bfc)
08-19 08:27:57.898 I/GnssLocationProvider( 1634): WakeLock released by handleMessage(SET_REQUEST, 0, com.android.server.location.GnssLocationProvider$GpsRequest@1500bfc)
08-19 08:27:57.918 D/EGL_emulation( 1745): eglMakeCurrent: 0xd323d860: ver 3 0 (tinfo 0xd3c7f9d0)
08-19 08:27:57.920 W/Looper  ( 1634): Dispatch took 556ms on android.ui, h=Handler (android.view.Choreographer$FrameHandler) {5108bdd} cb=android.view.Choreographer$FrameDisplayEventReceiver@c971352 msg=0
08-19 08:27:57.927 I/Choreographer( 1634): Skipped 31 frames!  The application may be doing too much work on its main thread.
08-19 08:27:57.938 D/EGL_emulation( 1634): eglMakeCurrent: 0xe667d140: ver 3 0 (tinfo 0xd2996380)
08-19 08:27:57.939 D/EGL_emulation( 1745): eglCreateContext: 0xd2bf6460: maj 3 min 0 rcv 3
08-19 08:27:57.946 D/EGL_emulation( 1745): eglMakeCurrent: 0xd2bf6460: ver 3 0 (tinfo 0xd1c2b690)
08-19 08:27:57.946 D/gralloc_ranchu( 1441): gralloc_unregister_buffer: exiting HostConnection (is buffer-handling thread)
08-19 08:27:57.946 D/        ( 1441): HostConnection::get() New Host Connection established 0xeac29180, tid 2046
08-19 08:27:57.947 D/gralloc_ranchu( 1441): gralloc_unregister_buffer: exiting HostConnection (is buffer-handling thread)
08-19 08:27:57.947 D/        ( 1441): HostConnection::get() New Host Connection established 0xeac29180, tid 2046
08-19 08:27:57.947 D/gralloc_ranchu( 1441): gralloc_unregister_buffer: exiting HostConnection (is buffer-handling thread)
08-19 08:27:57.948 D/        ( 1441): HostConnection::get() New Host Connection established 0xeac29180, tid 2046
08-19 08:27:57.948 D/gralloc_ranchu( 1441): gralloc_unregister_buffer: exiting HostConnection (is buffer-handling thread)
08-19 08:27:57.949 D/gralloc_ranchu( 1431): gralloc_alloc: Creating ashmem region of size 2777088
08-19 08:27:57.951 D/gralloc_ranchu( 1431): gralloc_alloc: Creating ashmem region of size 8298496
08-19 08:27:57.954 W/ctxmgr  ( 2030): [AclManager] No 3 for (accnt=account#-517948760#, com.google.android.gms(10014):UserVelocityProducer, vrsn=202414022, 0, 3pPkg = null ,  3pMdlId = null ,  pid = 2030). Was: 3 for 1, account#-517948760# [CONTEXT service_id=47 ]
08-19 08:27:57.961 D/EGL_emulation( 1745): eglMakeCurrent: 0xd2bf6460: ver 3 0 (tinfo 0xd1c2b690)
08-19 08:27:57.976 D/EGL_emulation( 1634): eglMakeCurrent: 0xe667d140: ver 3 0 (tinfo 0xd2996380)
08-19 08:27:57.978 I/LogUtils( 2030): [Places]: ?: Couldn't find platform key file. [CONTEXT service_id=253 ]
08-19 08:27:57.983 D/gralloc_ranchu( 1431): gralloc_alloc: Creating ashmem region of size 2777088
08-19 08:27:57.985 W/OpenGLRenderer( 2255): Incorrectly called buildLayer on View: ShortcutAndWidgetContainer, destroying layer...
08-19 08:27:58.013 I/LogUtils( 2030): [Places]: ?: Couldn't find platform key file. [CONTEXT service_id=253 ]
08-19 08:27:58.014 I/GeofencerStateMachine( 2030): removeGeofences: removeRequest=RemoveGeofencingRequest[REMOVE_BY_PENDING_INTENT pendingIntent=PendingIntent[creatorPackage=com.google.android.gms], packageName=com.google.android.gms]
08-19 08:27:58.014 I/PlacesLogger( 2030): [PlaceInferenceEngine]: [anon] Changed inference mode: 0 [CONTEXT service_id=253 ]
08-19 08:27:58.015 I/LogUtils( 2030): [Places]: ?: Couldn't find platform key file. [CONTEXT service_id=253 ]
08-19 08:27:58.015 I/GeofencerStateMachine( 2030): removeGeofences: removeRequest=RemoveGeofencingRequest[REMOVE_BY_PENDING_INTENT pendingIntent=PendingIntent[creatorPackage=com.google.android.gms], packageName=com.google.android.gms]
08-19 08:27:58.031 I/ctxmgr  ( 2030): [ProducerStatusImpl] updateStateForNewContextData: inactive, contextName=7 [CONTEXT service_id=47 ]
08-19 08:27:58.032 I/LogUtils( 2030): [Places]: ?: Couldn't find platform key file. [CONTEXT service_id=253 ]
08-19 08:27:58.033 I/LogUtils( 2030): [Places]: ?: Couldn't find platform key file. [CONTEXT service_id=253 ]
08-19 08:27:58.033 I/LogUtils( 2030): [Places]: ?: Couldn't find platform key file. [CONTEXT service_id=253 ]
08-19 08:27:58.036 E/cklt    ( 2030): *~*~*~ Channel {0} was not shutdown properly!!! ~*~*~*
08-19 08:27:58.036 E/cklt    ( 2030):     Make sure to call shutdown()/shutdownNow() and wait until awaitTermination() returns true.
08-19 08:27:58.036 E/cklt    ( 2030): java.lang.RuntimeException: ManagedChannel allocation site
08-19 08:27:58.036 E/cklt    ( 2030): 	at ckls.<init>(:com.google.android.gms@202414022@20.24.14 (040700-319035315):3)
08-19 08:27:58.036 E/cklt    ( 2030): 	at cklt.<init>(:com.google.android.gms@202414022@20.24.14 (040700-319035315):2)
08-19 08:27:58.036 E/cklt    ( 2030): 	at ckfk.b(:com.google.android.gms@202414022@20.24.14 (040700-319035315):21)
08-19 08:27:58.036 E/cklt    ( 2030): 	at sjo.a(:com.google.android.gms@202414022@20.24.14 (040700-319035315):29)
08-19 08:27:58.036 E/cklt    ( 2030): 	at sjo.a(:com.google.android.gms@202414022@20.24.14 (040700-319035315):52)
08-19 08:27:58.036 E/cklt    ( 2030): 	at bjxj.call(:com.google.android.gms@202414022@20.24.14 (040700-319035315):0)
08-19 08:27:58.036 E/cklt    ( 2030): 	at bjvu.run(:com.google.android.gms@202414022@20.24.14 (040700-319035315):1)
08-19 08:27:58.036 E/cklt    ( 2030): 	at soy.b(:com.google.android.gms@202414022@20.24.14 (040700-319035315):12)
08-19 08:27:58.036 E/cklt    ( 2030): 	at soy.run(:com.google.android.gms@202414022@20.24.14 (040700-319035315):7)
08-19 08:27:58.036 E/cklt    ( 2030): 	at java.util.concurrent.ThreadPoolExecutor.runWorker(ThreadPoolExecutor.java:1162)
08-19 08:27:58.036 E/cklt    ( 2030): 	at java.util.concurrent.ThreadPoolExecutor$Worker.run(ThreadPoolExecutor.java:636)
08-19 08:27:58.036 E/cklt    ( 2030): 	at sux.run(:com.google.android.gms@202414022@20.24.14 (040700-319035315):0)
08-19 08:27:58.036 E/cklt    ( 2030): 	at java.lang.Thread.run(Thread.java:764)
08-19 08:27:58.025 W/netd    ( 1518): type=1400 audit(0.0:753): avc: denied { read } for name="hosts_new" dev="dm-0" ino=196614 scontext=u:r:netd:s0 tcontext=u:object_r:shell_data_file:s0 tclass=file permissive=0
08-19 08:27:58.025 W/netd    ( 1518): type=1400 audit(0.0:754): avc: denied { read } for name="hosts_new" dev="dm-0" ino=196614 scontext=u:r:netd:s0 tcontext=u:object_r:shell_data_file:s0 tclass=file permissive=0
08-19 08:27:58.039 I/LogUtils( 2030): [Places]: ?: Couldn't find platform key file. [CONTEXT service_id=253 ]
08-19 08:27:58.055 I/LogUtils( 2030): [Places]: ?: PlacesBleScanner start() with priority 2 [CONTEXT service_id=253 ]
08-19 08:27:58.055 I/PlacesLogger( 2030): [PlaceInferenceEngine]: [anon] Changed inference mode: 1 [CONTEXT service_id=253 ]
08-19 08:27:58.060 W/Conscrypt( 2030): Could not set socket write timeout: java.net.SocketException: Socket closed
08-19 08:27:58.060 W/Conscrypt( 2030): 	at com.google.android.gms.org.conscrypt.Platform.setSocketWriteTimeout(:com.google.android.gms@202414022@20.24.14 (040700-319035315):2)
08-19 08:27:58.060 W/Conscrypt( 2030): 	at com.google.android.gms.org.conscrypt.ConscryptFileDescriptorSocket.setSoWriteTimeout(:com.google.android.gms@202414022@20.24.14 (040700-319035315):0)
08-19 08:27:58.060 E/BeaconBle( 2030): Missing BluetoothAdapter [CONTEXT service_id=111 ]
08-19 08:27:58.060 I/BeaconBle( 2030): BLE 'KK+' software access layer enabled [CONTEXT service_id=111 ]
08-19 08:27:58.069 I/BeaconBle( 2030): Client requested scan, settings=BleSettings [scanMode=ZERO_POWER, callbackType=ALL_MATCHES, reportDelayMillis=0, 1 filters, 0 clients, callingClientName=Places] [CONTEXT service_id=111 ]
08-19 08:27:58.070 I/BeaconBle( 2030): Scan : No clients left, canceling alarm. [CONTEXT service_id=111 ]
08-19 08:27:58.070 E/BeaconBle( 2030): Scan couldn't start for Places [CONTEXT service_id=111 ]
08-19 08:27:58.070 W/Places  ( 2030): BLE failure while scanning - code 5
08-19 08:27:58.087 I/Places  ( 2030): Converted 0 out of 1 WiFi scans
08-19 08:27:58.087 I/WifiService( 1634): getConnectionInfo uid=10014
08-19 08:27:58.090 I/LogUtils( 2030): [Places]: ?: Couldn't find platform key file. [CONTEXT service_id=253 ]
08-19 08:27:58.090 I/PlacesLogger( 2030): [PlaceInferenceEngine]: [anon] Changed inference mode: 1 [CONTEXT service_id=253 ]
08-19 08:27:58.090 I/LogUtils( 2030): [Places]: ?: Couldn't find platform key file. [CONTEXT service_id=253 ]
08-19 08:27:58.091 I/LogUtils( 2030): [Places]: ?: Couldn't find platform key file. [CONTEXT service_id=253 ]
08-19 08:27:58.093 I/PlacesLogger( 2030): [PlaceInferenceEngine]: No beacon scan available - ignoring candidates. [CONTEXT service_id=253 ]
08-19 08:27:58.096 W/Conscrypt( 2030): Could not set socket write timeout: java.net.SocketException: Socket closed
08-19 08:27:58.096 I/LogUtils( 2030): [Places]: ?: Couldn't find platform key file. [CONTEXT service_id=253 ]
08-19 08:27:58.099 I/LogUtils( 2030): [Places]: ?: Couldn't find platform key file. [CONTEXT service_id=253 ]
08-19 08:27:58.099 W/Conscrypt( 2030): 	at com.google.android.gms.org.conscrypt.Platform.setSocketWriteTimeout(:com.google.android.gms@202414022@20.24.14 (040700-319035315):2)
08-19 08:27:58.099 W/Conscrypt( 2030): 	at com.google.android.gms.org.conscrypt.ConscryptFileDescriptorSocket.setSoWriteTimeout(:com.google.android.gms@202414022@20.24.14 (040700-319035315):0)
08-19 08:27:58.162 D/gralloc_ranchu( 1431): gralloc_alloc: Creating ashmem region of size 8298496
08-19 08:27:58.173 D/gralloc_ranchu( 1441): gralloc_unregister_buffer: exiting HostConnection (is buffer-handling thread)
08-19 08:27:58.173 D/        ( 1441): HostConnection::get() New Host Connection established 0xe5203b80, tid 1692
08-19 08:27:58.174 D/gralloc_ranchu( 1441): gralloc_unregister_buffer: exiting HostConnection (is buffer-handling thread)
08-19 08:27:58.188 W/LogUtils( 2030): [Places]: ?: Failed to download inference model weights SLS
08-19 08:27:58.188 W/LogUtils( 2030): ckdr: NOT_FOUND: Requested entity was not found.
08-19 08:27:58.188 W/LogUtils( 2030): 	at ckdq.c(:com.google.android.gms@202414022@20.24.14 (040700-319035315):3)
08-19 08:27:58.188 W/LogUtils( 2030): 	at sjo.a(:com.google.android.gms@202414022@20.24.14 (040700-319035315):57)
08-19 08:27:58.188 W/LogUtils( 2030): 	at bjxj.call(:com.google.android.gms@202414022@20.24.14 (040700-319035315):0)
08-19 08:27:58.188 W/LogUtils( 2030): 	at bjvu.run(:com.google.android.gms@202414022@20.24.14 (040700-319035315):1)
08-19 08:27:58.188 W/LogUtils( 2030): 	at soy.b(:com.google.android.gms@202414022@20.24.14 (040700-319035315):12)
08-19 08:27:58.188 W/LogUtils( 2030): 	at soy.run(:com.google.android.gms@202414022@20.24.14 (040700-319035315):7)
08-19 08:27:58.188 W/LogUtils( 2030): 	at java.util.concurrent.ThreadPoolExecutor.runWorker(ThreadPoolExecutor.java:1162)
08-19 08:27:58.188 W/LogUtils( 2030): 	at java.util.concurrent.ThreadPoolExecutor$Worker.run(ThreadPoolExecutor.java:636)
08-19 08:27:58.188 W/LogUtils( 2030): 	at sux.run(:com.google.android.gms@202414022@20.24.14 (040700-319035315):0)
08-19 08:27:58.188 W/LogUtils( 2030): 	at java.lang.Thread.run(Thread.java:764)
08-19 08:27:58.188 W/LogUtils( 2030): 
08-19 08:27:58.188 W/LogUtils( 2030): [CONTEXT service_id=253 ]
08-19 08:27:58.188 W/PlacesLogger( 2030): [PlaceInferenceEngine]: Failed to download model weights. Status code: 7 [CONTEXT service_id=253 ]
08-19 08:27:58.188 I/LogUtils( 2030): [Places]: ?: Couldn't find platform key file. [CONTEXT service_id=253 ]
08-19 08:27:58.189 I/LogUtils( 2030): [Places]: ?: Couldn't find platform key file. [CONTEXT service_id=253 ]
08-19 08:27:58.219 D/EGL_emulation( 1745): eglCreateContext: 0xd2bf6460: maj 3 min 0 rcv 3
08-19 08:27:58.226 D/EGL_emulation( 1745): eglMakeCurrent: 0xd2bf6460: ver 3 0 (tinfo 0xd1c2b690)
08-19 08:27:58.239 D/gralloc_ranchu( 1431): gralloc_alloc: Creating ashmem region of size 9547776
08-19 08:27:58.248 D/        ( 1441): HostConnection::get() New Host Connection established 0xe5203b80, tid 1692
08-19 08:27:58.252 D/EGL_emulation( 1745): eglMakeCurrent: 0xd2bf6460: ver 3 0 (tinfo 0xd1c2b690)
08-19 08:27:58.449 D/gralloc_ranchu( 1431): gralloc_alloc: Creating ashmem region of size 9547776
08-19 08:27:58.453 D/gralloc_ranchu( 1441): gralloc_unregister_buffer: exiting HostConnection (is buffer-handling thread)
08-19 08:27:58.453 D/        ( 1441): HostConnection::get() New Host Connection established 0xeaf46980, tid 1454
08-19 08:27:58.454 D/gralloc_ranchu( 1441): gralloc_unregister_buffer: exiting HostConnection (is buffer-handling thread)
08-19 08:27:58.512 I/WindowManager( 1634): Screen frozen for +1s259ms due to Window{b3796 u0 com.android.systemui.ImageWallpaper}
08-19 08:27:58.561 D/SurfaceFlinger( 1441): duplicate layer name: changing BlackSurface to BlackSurface#1
08-19 08:27:58.582 D/SurfaceFlinger( 1441): duplicate layer name: changing BlackSurface to BlackSurface#2
08-19 08:27:58.606 D/SurfaceFlinger( 1441): duplicate layer name: changing BlackSurface to BlackSurface#3
08-19 08:27:58.650 D/gralloc_ranchu( 1432): gralloc_unregister_buffer: exiting HostConnection (is buffer-handling thread)
08-19 08:27:58.651 D/        ( 1432): HostConnection::get() New Host Connection established 0xe7e21000, tid 1472
08-19 08:27:58.652 D/gralloc_ranchu( 1432): gralloc_unregister_buffer: exiting HostConnection (is buffer-handling thread)
08-19 08:27:58.652 D/        ( 1432): HostConnection::get() New Host Connection established 0xe7e21000, tid 1472
08-19 08:27:58.652 D/gralloc_ranchu( 1432): gralloc_unregister_buffer: exiting HostConnection (is buffer-handling thread)
08-19 08:27:58.653 D/        ( 1432): HostConnection::get() New Host Connection established 0xe7e21000, tid 1472
08-19 08:27:58.653 D/gralloc_ranchu( 1432): gralloc_unregister_buffer: exiting HostConnection (is buffer-handling thread)
08-19 08:27:58.654 D/        ( 1432): HostConnection::get() New Host Connection established 0xe7e21000, tid 1472
08-19 08:27:58.654 D/gralloc_ranchu( 1432): gralloc_unregister_buffer: exiting HostConnection (is buffer-handling thread)
08-19 08:27:58.655 D/        ( 1432): HostConnection::get() New Host Connection established 0xe7e21000, tid 1472
08-19 08:27:58.655 D/gralloc_ranchu( 1432): gralloc_unregister_buffer: exiting HostConnection (is buffer-handling thread)
08-19 08:27:58.655 D/        ( 1432): HostConnection::get() New Host Connection established 0xe7e21000, tid 1472
08-19 08:27:58.655 D/gralloc_ranchu( 1432): gralloc_unregister_buffer: exiting HostConnection (is buffer-handling thread)
08-19 08:27:58.656 D/        ( 1432): HostConnection::get() New Host Connection established 0xe7e21000, tid 1472
08-19 08:27:58.656 D/gralloc_ranchu( 1432): gralloc_unregister_buffer: exiting HostConnection (is buffer-handling thread)
08-19 08:27:58.657 D/        ( 1432): HostConnection::get() New Host Connection established 0xe7e21000, tid 1472
08-19 08:27:58.657 D/gralloc_ranchu( 1432): gralloc_unregister_buffer: exiting HostConnection (is buffer-handling thread)
08-19 08:27:58.657 D/        ( 1432): HostConnection::get() New Host Connection established 0xe7e21000, tid 1472
08-19 08:27:58.658 D/gralloc_ranchu( 1432): gralloc_unregister_buffer: exiting HostConnection (is buffer-handling thread)
08-19 08:27:58.685 D/EGL_emulation( 1745): eglMakeCurrent: 0xd323d860: ver 3 0 (tinfo 0xd3c7f9d0)
08-19 08:27:58.689 D/        ( 1432): HostConnection::get() New Host Connection established 0xe7e21000, tid 1472
08-19 08:27:59.067 D/gralloc_ranchu( 1432): gralloc_unregister_buffer: exiting HostConnection (is buffer-handling thread)
08-19 08:27:59.068 D/        ( 1432): HostConnection::get() New Host Connection established 0xe7e21000, tid 1472
08-19 08:27:59.069 D/gralloc_ranchu( 1432): gralloc_unregister_buffer: exiting HostConnection (is buffer-handling thread)
08-19 08:27:59.089 D/        ( 1432): HostConnection::get() New Host Connection established 0xe7e21000, tid 1472
08-19 08:28:00.293 W/audio_hw_generic( 1423): Not supplying enough data to HAL, expected position 2334563381 , only wrote 2333124000
08-19 08:28:00.408 E/TaskPersister( 1634): File error accessing recents directory (directory doesn't exist?).
08-19 08:28:00.660 I/zygote  ( 1634): Explicit concurrent copying GC freed 10810(807KB) AllocSpace objects, 3(124KB) LOS objects, 36% free, 10MB/16MB, paused 909us total 49.929ms
08-19 08:28:01.056 E/SurfaceFlinger( 1441): ro.sf.lcd_density must be defined as a build property
08-19 08:28:01.067 D/gralloc_ranchu( 1431): gralloc_alloc: Creating ashmem region of size 8298496
08-19 08:28:01.074 D/        (23268): HostConnection::get() New Host Connection established 0xf03c8240, tid 23268
08-19 08:28:01.094 D/gralloc_ranchu( 1441): gralloc_unregister_buffer: exiting HostConnection (is buffer-handling thread)
08-19 08:28:01.096 D/        ( 1441): HostConnection::get() New Host Connection established 0xe5203840, tid 1455
08-19 08:28:01.096 D/gralloc_ranchu( 1441): gralloc_unregister_buffer: exiting HostConnection (is buffer-handling thread)
08-19 08:28:05.713 E/SurfaceFlinger( 1441): ro.sf.lcd_density must be defined as a build property
08-19 08:28:05.722 D/gralloc_ranchu( 1431): gralloc_alloc: Creating ashmem region of size 8298496
08-19 08:28:05.731 D/        (23273): HostConnection::get() New Host Connection established 0xeb3c8240, tid 23273
08-19 08:28:05.740 D/        ( 1441): HostConnection::get() New Host Connection established 0xe5203840, tid 1455
08-19 08:28:05.763 D/gralloc_ranchu( 1441): gralloc_unregister_buffer: exiting HostConnection (is buffer-handling thread)
08-19 08:28:05.764 D/        ( 1441): HostConnection::get() New Host Connection established 0xe5203840, tid 1455
08-19 08:28:05.764 D/gralloc_ranchu( 1441): gralloc_unregister_buffer: exiting HostConnection (is buffer-handling thread)
08-19 08:28:07.375 E/memtrack( 1634): Couldn't load memtrack module
08-19 08:28:07.375 W/android.os.Debug( 1634): failed to get memory consumption info: -1
08-19 08:28:10.359 E/SurfaceFlinger( 1441): ro.sf.lcd_density must be defined as a build property
08-19 08:28:10.367 D/gralloc_ranchu( 1431): gralloc_alloc: Creating ashmem region of size 8298496
08-19 08:28:10.371 D/        (23278): HostConnection::get() New Host Connection established 0xec2c8240, tid 23278
08-19 08:28:10.375 D/        ( 1441): HostConnection::get() New Host Connection established 0xe5203840, tid 1455
08-19 08:28:10.388 D/gralloc_ranchu( 1441): gralloc_unregister_buffer: exiting HostConnection (is buffer-handling thread)
08-19 08:28:10.389 D/        ( 1441): HostConnection::get() New Host Connection established 0xe5203840, tid 1455
08-19 08:28:10.390 D/gralloc_ranchu( 1441): gralloc_unregister_buffer: exiting HostConnection (is buffer-handling thread)
08-19 08:28:11.701 D/hwcomposer( 1432): hw_composer sent 18 syncs in 71s
08-19 08:28:14.932 E/SurfaceFlinger( 1441): ro.sf.lcd_density must be defined as a build property
08-19 08:28:14.947 D/gralloc_ranchu( 1431): gralloc_alloc: Creating ashmem region of size 8298496
08-19 08:28:14.949 D/        (23284): HostConnection::get() New Host Connection established 0xea948240, tid 23284
08-19 08:28:14.953 D/        ( 1441): HostConnection::get() New Host Connection established 0xe5203840, tid 1455
08-19 08:28:14.960 D/gralloc_ranchu( 1441): gralloc_unregister_buffer: exiting HostConnection (is buffer-handling thread)
08-19 08:28:14.961 D/        ( 1441): HostConnection::get() New Host Connection established 0xe5203840, tid 1455
08-19 08:28:14.961 D/gralloc_ranchu( 1441): gralloc_unregister_buffer: exiting HostConnection (is buffer-handling thread)
08-19 08:28:17.376 E/memtrack( 1634): Couldn't load memtrack module
08-19 08:28:17.376 W/android.os.Debug( 1634): failed to get memory consumption info: -1
08-19 08:28:17.398 E/memtrack( 1634): Couldn't load memtrack module
08-19 08:28:17.398 W/android.os.Debug( 1634): failed to get memory consumption info: -1
08-19 08:28:17.414 E/memtrack( 1634): Couldn't load memtrack module
08-19 08:28:17.414 W/android.os.Debug( 1634): failed to get memory consumption info: -1
08-19 08:28:19.377 E/memtrack( 1634): Couldn't load memtrack module
08-19 08:28:19.377 W/android.os.Debug( 1634): failed to get memory consumption info: -1
08-19 08:28:19.466 E/SurfaceFlinger( 1441): ro.sf.lcd_density must be defined as a build property
08-19 08:28:19.476 D/gralloc_ranchu( 1431): gralloc_alloc: Creating ashmem region of size 8298496
08-19 08:28:19.478 D/        (23289): HostConnection::get() New Host Connection established 0xeee48240, tid 23289
08-19 08:28:19.482 D/        ( 1441): HostConnection::get() New Host Connection established 0xe5203840, tid 1455
08-19 08:28:19.491 D/gralloc_ranchu( 1441): gralloc_unregister_buffer: exiting HostConnection (is buffer-handling thread)
08-19 08:28:19.492 D/        ( 1441): HostConnection::get() New Host Connection established 0xe5203840, tid 1455
08-19 08:28:19.492 D/gralloc_ranchu( 1441): gralloc_unregister_buffer: exiting HostConnection (is buffer-handling thread)
08-19 08:28:23.982 E/SurfaceFlinger( 1441): ro.sf.lcd_density must be defined as a build property
08-19 08:28:23.993 D/gralloc_ranchu( 1431): gralloc_alloc: Creating ashmem region of size 8298496
08-19 08:28:23.995 D/        (23294): HostConnection::get() New Host Connection established 0xedec8240, tid 23294
08-19 08:28:23.998 D/        ( 1441): HostConnection::get() New Host Connection established 0xe5203980, tid 1454
08-19 08:28:24.004 D/gralloc_ranchu( 1441): gralloc_unregister_buffer: exiting HostConnection (is buffer-handling thread)
08-19 08:28:24.005 D/        ( 1441): HostConnection::get() New Host Connection established 0xe5203980, tid 1454
08-19 08:28:24.005 D/gralloc_ranchu( 1441): gralloc_unregister_buffer: exiting HostConnection (is buffer-handling thread)
08-19 08:28:27.377 E/memtrack( 1634): Couldn't load memtrack module
08-19 08:28:27.378 W/android.os.Debug( 1634): failed to get memory consumption info: -1
08-19 08:28:27.386 E/memtrack( 1634): Couldn't load memtrack module
08-19 08:28:27.386 W/android.os.Debug( 1634): failed to get memory consumption info: -1
08-19 08:28:27.392 E/memtrack( 1634): Couldn't load memtrack module
08-19 08:28:27.392 W/android.os.Debug( 1634): failed to get memory consumption info: -1
08-19 08:28:27.399 E/memtrack( 1634): Couldn't load memtrack module
08-19 08:28:27.399 W/android.os.Debug( 1634): failed to get memory consumption info: -1
08-19 08:28:27.406 E/memtrack( 1634): Couldn't load memtrack module
08-19 08:28:27.406 W/android.os.Debug( 1634): failed to get memory consumption info: -1
08-19 08:28:27.412 E/memtrack( 1634): Couldn't load memtrack module
08-19 08:28:27.412 W/android.os.Debug( 1634): failed to get memory consumption info: -1
08-19 08:28:27.869 W/GmsLocationProvider( 2309): Error removing location updates: 16
08-19 08:28:27.881 I/GnssLocationProvider( 1634): WakeLock acquired by sendMessage(SET_REQUEST, 0, com.android.server.location.GnssLocationProvider$GpsRequest@7d98f90)
08-19 08:28:27.882 I/GnssLocationProvider( 1634): WakeLock released by handleMessage(SET_REQUEST, 0, com.android.server.location.GnssLocationProvider$GpsRequest@7d98f90)
08-19 08:28:28.378 E/memtrack( 1634): Couldn't load memtrack module
08-19 08:28:28.378 W/android.os.Debug( 1634): failed to get memory consumption info: -1
08-19 08:28:28.594 E/SurfaceFlinger( 1441): ro.sf.lcd_density must be defined as a build property
08-19 08:28:28.609 D/gralloc_ranchu( 1431): gralloc_alloc: Creating ashmem region of size 8298496
08-19 08:28:28.611 D/        (23299): HostConnection::get() New Host Connection established 0xeccc8240, tid 23299
08-19 08:28:28.615 D/        ( 1441): HostConnection::get() New Host Connection established 0xe5203980, tid 1454
08-19 08:28:28.622 D/gralloc_ranchu( 1441): gralloc_unregister_buffer: exiting HostConnection (is buffer-handling thread)
08-19 08:28:28.623 D/        ( 1441): HostConnection::get() New Host Connection established 0xe5203980, tid 1454
08-19 08:28:28.623 D/gralloc_ranchu( 1441): gralloc_unregister_buffer: exiting HostConnection (is buffer-handling thread)
08-19 08:28:31.635 I/boot-pipe( 1439): done populating /dev/random
08-19 08:28:33.178 E/SurfaceFlinger( 1441): ro.sf.lcd_density must be defined as a build property
08-19 08:28:33.186 D/gralloc_ranchu( 1431): gralloc_alloc: Creating ashmem region of size 8298496
08-19 08:28:33.188 D/        (23304): HostConnection::get() New Host Connection established 0xf0148240, tid 23304
08-19 08:28:33.191 D/        ( 1441): HostConnection::get() New Host Connection established 0xe5203980, tid 1454
08-19 08:28:33.198 D/gralloc_ranchu( 1441): gralloc_unregister_buffer: exiting HostConnection (is buffer-handling thread)
08-19 08:28:33.199 D/        ( 1441): HostConnection::get() New Host Connection established 0xe5203980, tid 1454
08-19 08:28:33.199 D/gralloc_ranchu( 1441): gralloc_unregister_buffer: exiting HostConnection (is buffer-handling thread)
08-19 08:28:35.230 E/memtrack( 1634): Couldn't load memtrack module
08-19 08:28:35.231 W/android.os.Debug( 1634): failed to get memory consumption info: -1
08-19 08:28:37.766 E/SurfaceFlinger( 1441): ro.sf.lcd_density must be defined as a build property
08-19 08:28:37.776 D/gralloc_ranchu( 1431): gralloc_alloc: Creating ashmem region of size 8298496
08-19 08:28:37.778 D/        (23309): HostConnection::get() New Host Connection established 0xeb148240, tid 23309
08-19 08:28:37.782 D/        ( 1441): HostConnection::get() New Host Connection established 0xe5203980, tid 1454
08-19 08:28:37.792 D/gralloc_ranchu( 1441): gralloc_unregister_buffer: exiting HostConnection (is buffer-handling thread)
08-19 08:28:37.792 D/        ( 1441): HostConnection::get() New Host Connection established 0xe5203980, tid 1454
08-19 08:28:37.793 D/gralloc_ranchu( 1441): gralloc_unregister_buffer: exiting HostConnection (is buffer-handling thread)
08-19 08:28:38.195 D/WificondControl( 1634): Scan result ready event
08-19 08:28:42.366 E/SurfaceFlinger( 1441): ro.sf.lcd_density must be defined as a build property
08-19 08:28:42.379 D/gralloc_ranchu( 1431): gralloc_alloc: Creating ashmem region of size 8298496
08-19 08:28:42.382 D/        (23314): HostConnection::get() New Host Connection established 0xeb1c8240, tid 23314
08-19 08:28:42.386 D/        ( 1441): HostConnection::get() New Host Connection established 0xe5203980, tid 1454
08-19 08:28:42.395 D/gralloc_ranchu( 1441): gralloc_unregister_buffer: exiting HostConnection (is buffer-handling thread)
08-19 08:28:42.396 D/        ( 1441): HostConnection::get() New Host Connection established 0xe5203980, tid 1454
08-19 08:28:42.396 D/gralloc_ranchu( 1441): gralloc_unregister_buffer: exiting HostConnection (is buffer-handling thread)
08-19 08:28:46.938 E/SurfaceFlinger( 1441): ro.sf.lcd_density must be defined as a build property
08-19 08:28:46.951 D/gralloc_ranchu( 1431): gralloc_alloc: Creating ashmem region of size 8298496
08-19 08:28:46.953 D/        (23319): HostConnection::get() New Host Connection established 0xf1848240, tid 23319
08-19 08:28:46.956 D/        ( 1441): HostConnection::get() New Host Connection established 0xe5203980, tid 1454
08-19 08:28:46.964 D/gralloc_ranchu( 1441): gralloc_unregister_buffer: exiting HostConnection (is buffer-handling thread)
08-19 08:28:46.966 D/        ( 1441): HostConnection::get() New Host Connection established 0xe5203980, tid 1454
08-19 08:28:46.966 D/gralloc_ranchu( 1441): gralloc_unregister_buffer: exiting HostConnection (is buffer-handling thread)
08-19 08:28:51.479 E/SurfaceFlinger( 1441): ro.sf.lcd_density must be defined as a build property
08-19 08:28:51.491 D/gralloc_ranchu( 1431): gralloc_alloc: Creating ashmem region of size 8298496
08-19 08:28:51.494 D/        (23324): HostConnection::get() New Host Connection established 0xeddc8240, tid 23324
08-19 08:28:51.507 D/gralloc_ranchu( 1441): gralloc_unregister_buffer: exiting HostConnection (is buffer-handling thread)
08-19 08:28:51.508 D/        ( 1441): HostConnection::get() New Host Connection established 0xe5203b80, tid 1692
08-19 08:28:51.508 D/gralloc_ranchu( 1441): gralloc_unregister_buffer: exiting HostConnection (is buffer-handling thread)
08-19 08:28:55.983 E/SurfaceFlinger( 1441): ro.sf.lcd_density must be defined as a build property
08-19 08:28:55.993 D/gralloc_ranchu( 1431): gralloc_alloc: Creating ashmem region of size 8298496
08-19 08:28:55.996 D/        (23329): HostConnection::get() New Host Connection established 0xe50c8240, tid 23329
08-19 08:28:56.000 D/        ( 1441): HostConnection::get() New Host Connection established 0xe5203b80, tid 1692
08-19 08:28:56.008 D/gralloc_ranchu( 1441): gralloc_unregister_buffer: exiting HostConnection (is buffer-handling thread)
08-19 08:28:56.009 D/        ( 1441): HostConnection::get() New Host Connection established 0xe5203b80, tid 1692
08-19 08:28:56.009 D/gralloc_ranchu( 1441): gralloc_unregister_buffer: exiting HostConnection (is buffer-handling thread)
08-19 08:29:00.497 E/SurfaceFlinger( 1441): ro.sf.lcd_density must be defined as a build property
08-19 08:29:00.510 D/gralloc_ranchu( 1431): gralloc_alloc: Creating ashmem region of size 8298496
08-19 08:29:00.512 D/        (23334): HostConnection::get() New Host Connection established 0xf47c8240, tid 23334
08-19 08:29:00.516 D/        ( 1441): HostConnection::get() New Host Connection established 0xe5203b80, tid 1692
08-19 08:29:00.521 D/gralloc_ranchu( 1441): gralloc_unregister_buffer: exiting HostConnection (is buffer-handling thread)
08-19 08:29:00.522 D/        ( 1441): HostConnection::get() New Host Connection established 0xe5203b80, tid 1692
08-19 08:29:00.522 D/gralloc_ranchu( 1441): gralloc_unregister_buffer: exiting HostConnection (is buffer-handling thread)
08-19 08:29:02.875 D/MDnsDS  ( 1518): MDnsSdListener::Monitor poll timed out
08-19 08:29:02.875 D/MDnsDS  ( 1518): Going to poll with pollCount 1
08-19 08:29:05.105 E/SurfaceFlinger( 1441): ro.sf.lcd_density must be defined as a build property
08-19 08:29:05.113 D/gralloc_ranchu( 1431): gralloc_alloc: Creating ashmem region of size 8298496
08-19 08:29:05.116 D/        (23339): HostConnection::get() New Host Connection established 0xf1248240, tid 23339
08-19 08:29:05.119 D/        ( 1441): HostConnection::get() New Host Connection established 0xe5203b80, tid 1692
08-19 08:29:05.129 D/gralloc_ranchu( 1441): gralloc_unregister_buffer: exiting HostConnection (is buffer-handling thread)
08-19 08:29:05.129 D/        ( 1441): HostConnection::get() New Host Connection established 0xe5203b80, tid 1692
08-19 08:29:05.130 D/gralloc_ranchu( 1441): gralloc_unregister_buffer: exiting HostConnection (is buffer-handling thread)
08-19 08:29:09.645 E/SurfaceFlinger( 1441): ro.sf.lcd_density must be defined as a build property
08-19 08:29:09.659 D/gralloc_ranchu( 1431): gralloc_alloc: Creating ashmem region of size 8298496
08-19 08:29:09.662 D/        (23344): HostConnection::get() New Host Connection established 0xeeb48240, tid 23344
08-19 08:29:09.666 D/        ( 1441): HostConnection::get() New Host Connection established 0xe5203b80, tid 1692
08-19 08:29:09.676 D/gralloc_ranchu( 1441): gralloc_unregister_buffer: exiting HostConnection (is buffer-handling thread)
08-19 08:29:09.676 D/        ( 1441): HostConnection::get() New Host Connection established 0xe5203b80, tid 1692
08-19 08:29:09.677 D/gralloc_ranchu( 1441): gralloc_unregister_buffer: exiting HostConnection (is buffer-handling thread)
08-19 08:29:14.196 E/SurfaceFlinger( 1441): ro.sf.lcd_density must be defined as a build property
08-19 08:29:14.207 D/gralloc_ranchu( 1431): gralloc_alloc: Creating ashmem region of size 8298496
08-19 08:29:14.210 D/        (23349): HostConnection::get() New Host Connection established 0xef748240, tid 23349
08-19 08:29:14.213 D/        ( 1441): HostConnection::get() New Host Connection established 0xe5203b80, tid 1692
08-19 08:29:14.219 D/gralloc_ranchu( 1441): gralloc_unregister_buffer: exiting HostConnection (is buffer-handling thread)
08-19 08:29:14.220 D/        ( 1441): HostConnection::get() New Host Connection established 0xe5203b80, tid 1692
08-19 08:29:14.220 D/gralloc_ranchu( 1441): gralloc_unregister_buffer: exiting HostConnection (is buffer-handling thread)
08-19 08:29:18.741 E/SurfaceFlinger( 1441): ro.sf.lcd_density must be defined as a build property
08-19 08:29:18.756 D/gralloc_ranchu( 1431): gralloc_alloc: Creating ashmem region of size 8298496
08-19 08:29:18.758 D/        (23354): HostConnection::get() New Host Connection established 0xeef48240, tid 23354
08-19 08:29:18.762 D/        ( 1441): HostConnection::get() New Host Connection established 0xe5203b80, tid 1692
08-19 08:29:18.771 D/gralloc_ranchu( 1441): gralloc_unregister_buffer: exiting HostConnection (is buffer-handling thread)
08-19 08:29:18.771 D/        ( 1441): HostConnection::get() New Host Connection established 0xe5203b80, tid 1692
08-19 08:29:18.772 D/gralloc_ranchu( 1441): gralloc_unregister_buffer: exiting HostConnection (is buffer-handling thread)
08-19 08:29:23.278 E/SurfaceFlinger( 1441): ro.sf.lcd_density must be defined as a build property
08-19 08:29:23.291 D/gralloc_ranchu( 1431): gralloc_alloc: Creating ashmem region of size 8298496
08-19 08:29:23.294 D/        (23359): HostConnection::get() New Host Connection established 0xf32c8240, tid 23359
08-19 08:29:23.297 D/        ( 1441): HostConnection::get() New Host Connection established 0xe5203b80, tid 1692
08-19 08:29:23.304 D/gralloc_ranchu( 1441): gralloc_unregister_buffer: exiting HostConnection (is buffer-handling thread)
08-19 08:29:23.305 D/        ( 1441): HostConnection::get() New Host Connection established 0xe5203b80, tid 1692
08-19 08:29:23.305 D/gralloc_ranchu( 1441): gralloc_unregister_buffer: exiting HostConnection (is buffer-handling thread)
08-19 08:29:27.839 E/SurfaceFlinger( 1441): ro.sf.lcd_density must be defined as a build property
08-19 08:29:27.850 D/gralloc_ranchu( 1431): gralloc_alloc: Creating ashmem region of size 8298496
08-19 08:29:27.852 D/        (23364): HostConnection::get() New Host Connection established 0xebc48240, tid 23364
08-19 08:29:27.855 D/        ( 1441): HostConnection::get() New Host Connection established 0xe5203b80, tid 1692
08-19 08:29:27.863 D/gralloc_ranchu( 1441): gralloc_unregister_buffer: exiting HostConnection (is buffer-handling thread)
08-19 08:29:27.864 D/        ( 1441): HostConnection::get() New Host Connection established 0xe5203b80, tid 1692
08-19 08:29:27.864 D/gralloc_ranchu( 1441): gralloc_unregister_buffer: exiting HostConnection (is buffer-handling thread)
08-19 08:29:31.635 I/boot-pipe( 1439): done populating /dev/random
08-19 08:29:32.410 E/SurfaceFlinger( 1441): ro.sf.lcd_density must be defined as a build property
08-19 08:29:32.420 D/gralloc_ranchu( 1431): gralloc_alloc: Creating ashmem region of size 8298496
08-19 08:29:32.422 D/        (23369): HostConnection::get() New Host Connection established 0xe9048240, tid 23369
08-19 08:29:32.426 D/        ( 1441): HostConnection::get() New Host Connection established 0xe5203b80, tid 1692
08-19 08:29:32.434 D/gralloc_ranchu( 1441): gralloc_unregister_buffer: exiting HostConnection (is buffer-handling thread)
08-19 08:29:32.434 D/        ( 1441): HostConnection::get() New Host Connection established 0xe5203b80, tid 1692
08-19 08:29:32.435 D/gralloc_ranchu( 1441): gralloc_unregister_buffer: exiting HostConnection (is buffer-handling thread)
08-19 08:29:36.927 E/SurfaceFlinger( 1441): ro.sf.lcd_density must be defined as a build property
08-19 08:29:36.940 D/gralloc_ranchu( 1431): gralloc_alloc: Creating ashmem region of size 8298496
08-19 08:29:36.943 D/        (23374): HostConnection::get() New Host Connection established 0xf2648240, tid 23374
08-19 08:29:36.947 D/        ( 1441): HostConnection::get() New Host Connection established 0xe5203b80, tid 1692
08-19 08:29:36.955 D/gralloc_ranchu( 1441): gralloc_unregister_buffer: exiting HostConnection (is buffer-handling thread)
08-19 08:29:36.956 D/        ( 1441): HostConnection::get() New Host Connection established 0xe5203b80, tid 1692
08-19 08:29:36.956 D/gralloc_ranchu( 1441): gralloc_unregister_buffer: exiting HostConnection (is buffer-handling thread)
08-19 08:29:41.472 E/SurfaceFlinger( 1441): ro.sf.lcd_density must be defined as a build property
08-19 08:29:41.485 D/gralloc_ranchu( 1431): gralloc_alloc: Creating ashmem region of size 8298496
08-19 08:29:41.488 D/        (23379): HostConnection::get() New Host Connection established 0xea0c8240, tid 23379
08-19 08:29:41.492 D/        ( 1441): HostConnection::get() New Host Connection established 0xe5203840, tid 1455
08-19 08:29:41.500 D/gralloc_ranchu( 1441): gralloc_unregister_buffer: exiting HostConnection (is buffer-handling thread)
08-19 08:29:41.501 D/        ( 1441): HostConnection::get() New Host Connection established 0xe5203840, tid 1455
08-19 08:29:41.501 D/gralloc_ranchu( 1441): gralloc_unregister_buffer: exiting HostConnection (is buffer-handling thread)
08-19 08:29:46.013 E/SurfaceFlinger( 1441): ro.sf.lcd_density must be defined as a build property
08-19 08:29:46.025 D/gralloc_ranchu( 1431): gralloc_alloc: Creating ashmem region of size 8298496
08-19 08:29:46.027 D/        (23384): HostConnection::get() New Host Connection established 0xeaa48240, tid 23384
08-19 08:29:46.030 D/        ( 1441): HostConnection::get() New Host Connection established 0xe5203980, tid 1454
08-19 08:29:46.040 D/gralloc_ranchu( 1441): gralloc_unregister_buffer: exiting HostConnection (is buffer-handling thread)
08-19 08:29:46.041 D/        ( 1441): HostConnection::get() New Host Connection established 0xe5203980, tid 1454
08-19 08:29:46.041 D/gralloc_ranchu( 1441): gralloc_unregister_buffer: exiting HostConnection (is buffer-handling thread)
08-19 08:29:50.575 E/SurfaceFlinger( 1441): ro.sf.lcd_density must be defined as a build property
08-19 08:29:50.586 D/gralloc_ranchu( 1431): gralloc_alloc: Creating ashmem region of size 8298496
08-19 08:29:50.588 D/        (23389): HostConnection::get() New Host Connection established 0xe86c8240, tid 23389
08-19 08:29:50.592 D/        ( 1441): HostConnection::get() New Host Connection established 0xe5203980, tid 1454
08-19 08:29:50.601 D/gralloc_ranchu( 1441): gralloc_unregister_buffer: exiting HostConnection (is buffer-handling thread)
08-19 08:29:50.602 D/        ( 1441): HostConnection::get() New Host Connection established 0xe5203980, tid 1454
08-19 08:29:50.602 D/gralloc_ranchu( 1441): gralloc_unregister_buffer: exiting HostConnection (is buffer-handling thread)
08-19 08:29:57.393 E/memtrack( 1634): Couldn't load memtrack module
08-19 08:29:57.393 W/android.os.Debug( 1634): failed to get memory consumption info: -1
08-19 08:29:57.412 E/memtrack( 1634): Couldn't load memtrack module
08-19 08:29:57.412 W/android.os.Debug( 1634): failed to get memory consumption info: -1
08-19 08:29:57.433 E/memtrack( 1634): Couldn't load memtrack module
08-19 08:29:57.433 W/android.os.Debug( 1634): failed to get memory consumption info: -1
08-19 08:30:00.019 D/hwcomposer( 1432): hw_composer sent 300 syncs in 109s
08-19 08:30:07.395 E/memtrack( 1634): Couldn't load memtrack module
08-19 08:30:07.395 W/android.os.Debug( 1634): failed to get memory consumption info: -1
08-19 08:30:08.745 I/NetworkScheduler.Stats( 2030): Task com.google.android.gms/com.google.android.gms.measurement.PackageMeasurementTaskService started execution. cause:4 exec_start_elapsed_seconds: 70071 [CONTEXT service_id=218 ]
08-19 08:30:08.735 W/netd    ( 1518): type=1400 audit(0.0:755): avc: denied { read } for name="hosts_new" dev="dm-0" ino=196614 scontext=u:r:netd:s0 tcontext=u:object_r:shell_data_file:s0 tclass=file permissive=0
08-19 08:30:08.735 W/netd    ( 1518): type=1400 audit(0.0:756): avc: denied { read } for name="hosts_new" dev="dm-0" ino=196614 scontext=u:r:netd:s0 tcontext=u:object_r:shell_data_file:s0 tclass=file permissive=0
08-19 08:30:08.985 W/FA-SVC  ( 8329): Interrupted in onRunTask while uploading
08-19 08:30:08.991 E/NetworkScheduler.ATC( 2030): Called cancelTask for already completed task com.google.android.gms/.measurement.PackageMeasurementTaskService{u=0 tag="Measurement.PackageMeasurementTaskService.UPLOAD_TASK_TAG" trigger=window{start=79s,end=159s,earliest=-80s,latest=0s} requirements=[NET_CONNECTED] attributes=[PERSISTED] scheduled=-159s last_run=0s jid=N/A status=ACTIVE retries=0 client_lib=GMS_TASK_SCHEDULER-202414000} :1 [CONTEXT service_id=218 ]
08-19 08:30:19.399 E/memtrack( 1634): Couldn't load memtrack module
08-19 08:30:19.399 W/android.os.Debug( 1634): failed to get memory consumption info: -1
08-19 08:30:23.122 E/GmsTaskScheduler( 2030): sendWakeUpEvent called on SchedulerClientBroadcastStrategy
08-19 08:30:23.128 E/GmsTaskScheduler( 2030): sendWakeUpEvent called on SchedulerClientBroadcastStrategy
08-19 08:30:31.636 I/boot-pipe( 1439): done populating /dev/random
08-19 08:30:39.402 E/memtrack( 1634): Couldn't load memtrack module
08-19 08:30:39.402 W/android.os.Debug( 1634): failed to get memory consumption info: -1
08-19 08:31:00.019 D/hwcomposer( 1432): hw_composer sent 6 syncs in 60s
08-19 08:31:18.205 D/WificondControl( 1634): Scan result ready event
